{"id":31,"date":"2016-09-22T00:42:28","date_gmt":"2016-09-21T22:42:28","guid":{"rendered":"http:\/\/dresden-nazifrei.com\/kampa\/?page_id=31"},"modified":"2022-06-26T09:08:09","modified_gmt":"2022-06-26T07:08:09","slug":"die-problemlage","status":"publish","type":"page","link":"https:\/\/dresden-nazifrei.com\/kampa\/archiv\/die-problemlage\/","title":{"rendered":"Die Problemlage"},"content":{"rendered":"\n<h1 class=\"wp-block-heading\">\u2026 Dresden ist rassistischer als andere St\u00e4dte!<\/h1>\n\n\n<div class=\"wp-block-image\">\n<figure class=\"alignleft\"><img loading=\"lazy\" decoding=\"async\" width=\"267\" height=\"185\" src=\"https:\/\/dresden-nazifrei.com\/kampa\/wp-content\/uploads\/2016\/09\/RAA.png\" alt=\"raa\" class=\"wp-image-146\"\/><\/figure>\n<\/div>\n\n\n<p>Laut den <a title=\"http:\/\/raa-sachsen.de\/index.php\/statistik.html\" href=\"http:\/\/raa-sachsen.de\/index.php\/statistik.html\" target=\"_blank\" rel=\"noopener noreferrer\">Statistiken der RAA Sachsen e.V.<\/a>, der regionalen Opferberatung f\u00fcr Betroffene rechtsmotivierter Gewalt, nehmen rassistische Vorf\u00e4lle in Dresden seit Jahren zu. Waren es 2012 noch \u201enur\u201c 23 Angriffe, verdoppelte sich diese Zahl bis 2014 auf 48 Angriffe und erreichte 2015 116 Angriffe. Zum Vergleich: In ganz <a title=\"http:\/\/verband-brg.de\/index.php\/en\/presse\/presse-mitglieder\/42-verdopplung-rechter-gewalt-im-jahr-2015-in-thu-ringen-opferberatungsstelle-ezra-veroeffentlicht-jahresstatistik\" href=\"http:\/\/verband-brg.de\/index.php\/en\/presse\/presse-mitglieder\/42-verdopplung-rechter-gewalt-im-jahr-2015-in-thu-ringen-opferberatungsstelle-ezra-veroeffentlicht-jahresstatistik\" target=\"_blank\" rel=\"noopener noreferrer\">Th\u00fcringen<\/a> gab es im letzten Jahr 121 Angriffe, in<a title=\"http:\/\/verband-brg.de\/index.php\/en\/presse\/presse-mitglieder\/47-08-03-2015-mit-130-rechten-gewalttaten-im-jahr-2015-registriert-die-lobbi-der-beratungsverein-fuer-betroffene-rechter-gewalt-in-mecklenburg-vorpommern-so-viele-angriffe-wie-noch-nie-in-der-15-jaehrigen-vereinsgeschichte\" href=\"http:\/\/verband-brg.de\/index.php\/en\/presse\/presse-mitglieder\/47-08-03-2015-mit-130-rechten-gewalttaten-im-jahr-2015-registriert-die-lobbi-der-beratungsverein-fuer-betroffene-rechter-gewalt-in-mecklenburg-vorpommern-so-viele-angriffe-wie-noch-nie-in-der-15-jaehrigen-vereinsgeschichte\" target=\"_blank\" rel=\"noopener noreferrer\">Mecklenburg-Vorpommern<\/a> 130.<\/p>\n\n\n\n<p>&nbsp;<\/p>\n\n\n\n<h1 class=\"wp-block-heading\">\u2026 Dresden leidet unter \u201es\u00e4chsischen Verh\u00e4ltnissen\u201c!<\/h1>\n\n\n<div class=\"wp-block-image\">\n<figure class=\"alignleft\"><img loading=\"lazy\" decoding=\"async\" width=\"267\" height=\"217\" src=\"https:\/\/dresden-nazifrei.com\/kampa\/wp-content\/uploads\/2016\/09\/AAS.png\" alt=\"aas\" class=\"wp-image-143\"\/><\/figure>\n<\/div>\n\n\n<p><a title=\"http:\/\/www.lvz.de\/Mitteldeutschland\/News\/Biedenkopf-Ostdeutsche-weitgehend-immun-gegen-Rechtsradikalismus\" href=\"http:\/\/www.lvz.de\/Mitteldeutschland\/News\/Biedenkopf-Ostdeutsche-weitgehend-immun-gegen-Rechtsradikalismus\" target=\"_blank\" rel=\"noopener noreferrer\">\u201eSachsen ist immun gegen Rechts!\u201c, \u201eEin nicht unwesentlicher Teil der Randalierer in Heidenau kam aus dem Westen!\u201c<\/a>, <a title=\"http:\/\/www.endstation-rechts.de\/news\/kategorie\/politik\/artikel\/sondersitzung-im-saechsischen-landtag-ist-die-cdu-schuld-an-fremdenfeindlicher-stimmung.html\" href=\"http:\/\/www.endstation-rechts.de\/news\/kategorie\/politik\/artikel\/sondersitzung-im-saechsischen-landtag-ist-die-cdu-schuld-an-fremdenfeindlicher-stimmung.html\" target=\"_blank\" rel=\"noopener noreferrer\">\u201eWir brauchen keine Belehrungen von au\u00dfen. Von landesweiter Fremdenfeindlichkeit, von einer Normalit\u00e4t des Extremismus, kann keine Rede sein!\u201c<\/a>&nbsp; \u2013 Nur in Dresden kann sich \u00fcber Jahre Europas gr\u00f6\u00dfter Naziaufmarsch etablieren, k\u00f6nnen seit zwei Jahren w\u00f6chentlich tausende Rassist_innen \u201espazieren\u201c \u2013 und die in Sachsen pr\u00e4gende CDU relativiert, beschwichtigt, ignoriert. Doch nicht nur die s\u00e4chsische CDU verharmlost die rechte Gefahr! Seit fast zwei Jahren schafft es die Zivilgesellschaft nicht, PEGIDA auf der Stra\u00dfe in die Schranken zu verweisen \u2013 als einzige Stadt in Deutschland! Und auch die OBs Orosz und Hilbert sind einer klaren Positionierung kontra PEGIDA auf der Stra\u00dfe aus dem Weg gegangen. Und wo sonst gibt es monatelang Diskussionsrunden mit \u201ebesorgten B\u00fcrger_innen\u201c \u2026? Im Zweifel gilt in Dresden: Nicht Nazis, nicht PEGIDA, sondern der Gegenprotest ist das Problem!<\/p>\n\n\n\n<h1 class=\"wp-block-heading\">\u2026 das Gedenken um den 13. Februar&nbsp; kultiviert einen Opfermythos, der die T\u00e4terperspektive vollst\u00e4ndig ausblendet!<\/h1>\n\n\n<div class=\"wp-block-image\">\n<figure class=\"alignleft\"><img loading=\"lazy\" decoding=\"async\" width=\"266\" height=\"251\" src=\"https:\/\/dresden-nazifrei.com\/kampa\/wp-content\/uploads\/2016\/09\/georgd.png\" alt=\"georgd\" class=\"wp-image-144\"\/><\/figure>\n<\/div>\n\n\n<p>\u201eDen Opfern des anglo-amerikanischen Bombenterrors\u201c \u2013 steht bis heute auf einem Gedenkstein in Dresden-Nickern. Die Gedenkst\u00e4tte auf dem Heidefriedhof setzt Dresden mit Leningrad und Auschwitz gleich. Und die M\u00e4r von hunderttausenden Toten h\u00e4lt sich bis heute in vielen K\u00f6pfen. Niemand bestreitet die zivilen Opfer der Bombardierung Dresdens \u2013 doch der Mythos von der unschuldigen Stadt ohne milit\u00e4rstrategischen Wert, die hilflos den alliierten Bombern ausgeliefert war, ist nichts als Goebbelsche Propaganda. Auch sonst f\u00fchlt man sich gern als Opfer: Von manchem Dynamofan, der sich historisch als Stasiopfer, und heute als Opfer der \u201eFu\u00dfballmafia DFB\u201c sieht, \u00fcber den Lokalpolitiker, der sich sein geliebtes Sachsen auch nach hunderten rassistischen \u00dcbergriffen nicht \u201evon au\u00dfen\u201c schlechtreden lassen will, bis zum PEGIDA-Rassist, der sich als Opfer wahlweise der L\u00fcgenpresse, \u201eder da oben\u201c oder der \u201eIslamisierung des Abendlandes\u201c sieht \u2013 in Dresden ist man immer unschuldig und verfolgt, niemals T\u00e4ter.<\/p>\n\n\n\n<h1 class=\"wp-block-heading\">\u2026 antirassistisches Engagement wird hier behindert, kriminalisiert und gedeckelt!<\/h1>\n\n\n<div class=\"wp-block-image\">\n<figure class=\"alignleft\"><img loading=\"lazy\" decoding=\"async\" width=\"265\" height=\"216\" src=\"https:\/\/dresden-nazifrei.com\/kampa\/wp-content\/uploads\/2016\/09\/nope.png\" alt=\"nope\" class=\"wp-image-145\"\/><\/figure>\n<\/div>\n\n\n<p>Auch in Dresden gibt es viele, die sich gegen Rassismus einsetzen. Doch ihr Wirken wird zu wenig be- und anerkannt! Genau einmal traf sich OB Hilbert bislang mit NoPEGIDA-Gruppen \u2013 f\u00fcr PEGIDA-Sympathisant_innen wurden dagegen ein halbes Jahr lang Diskussionsforen organisiert. Eine \u00f6ffentliche W\u00fcrdigung antirassistischen Engagements? Fehlanzeige! Stattdessen werden Antirassist_innen bei Gegendemos regelm\u00e4\u00dfig b\u00fcrokratische Steine in den Weg gelegt und durch polizeiliche Ma\u00dfnahmen zu verstehen gegeben, dass sie als die eigentlichen St\u00f6renfriede gelten.<\/p>\n","protected":false},"excerpt":{"rendered":"<p>\u2026 Dresden ist rassistischer als andere St\u00e4dte! Laut den Statistiken der RAA Sachsen e.V., der regionalen Opferberatung f\u00fcr Betroffene rechtsmotivierter Gewalt, nehmen rassistische Vorf\u00e4lle in Dresden seit Jahren zu. Waren es 2012 noch \u201enur\u201c&#46;&#46;&#46;<\/p>\n","protected":false},"author":1,"featured_media":0,"parent":2654,"menu_order":0,"comment_status":"closed","ping_status":"closed","template":"","meta":{"_monsterinsights_skip_tracking":false,"_monsterinsights_sitenote_active":false,"_monsterinsights_sitenote_note":"","_monsterinsights_sitenote_category":0,"footnotes":""},"class_list":["post-31","page","type-page","status-publish","hentry"],"yoast_head":"<!-- This site is optimized with the Yoast SEO plugin v27.2 - https:\/\/yoast.com\/product\/yoast-seo-wordpress\/ -->\n<title>Die Problemlage - Dresden WiEdersetzen<\/title>\n<meta name=\"robots\" content=\"index, follow, max-snippet:-1, max-image-preview:large, max-video-preview:-1\" \/>\n<link rel=\"canonical\" href=\"https:\/\/dresden-nazifrei.com\/kampa\/archiv\/die-problemlage\/\" \/>\n<meta property=\"og:locale\" content=\"de_DE\" \/>\n<meta property=\"og:type\" content=\"article\" \/>\n<meta property=\"og:title\" content=\"Die Problemlage - Dresden WiEdersetzen\" \/>\n<meta property=\"og:description\" content=\"\u2026 Dresden ist rassistischer als andere St\u00e4dte! Laut den Statistiken der RAA Sachsen e.V., der regionalen Opferberatung f\u00fcr Betroffene rechtsmotivierter Gewalt, nehmen rassistische Vorf\u00e4lle in Dresden seit Jahren zu. Waren es 2012 noch \u201enur\u201c&#046;&#046;&#046;\" \/>\n<meta property=\"og:url\" content=\"https:\/\/dresden-nazifrei.com\/kampa\/archiv\/die-problemlage\/\" \/>\n<meta property=\"og:site_name\" content=\"Dresden WiEdersetzen\" \/>\n<meta property=\"article:publisher\" content=\"https:\/\/www.facebook.com\/dresden.stellt.sich.quer\/\" \/>\n<meta property=\"article:modified_time\" content=\"2022-06-26T07:08:09+00:00\" \/>\n<meta property=\"og:image\" content=\"https:\/\/dresden-nazifrei.com\/kampa\/wp-content\/uploads\/2016\/09\/RAA.png\" \/>\n<meta name=\"twitter:card\" content=\"summary_large_image\" \/>\n<meta name=\"twitter:site\" content=\"@dd_nazifrei\" \/>\n<meta name=\"twitter:label1\" content=\"Gesch\u00e4tzte Lesezeit\" \/>\n\t<meta name=\"twitter:data1\" content=\"4\u00a0Minuten\" \/>\n<script type=\"application\/ld+json\" class=\"yoast-schema-graph\">{\"@context\":\"https:\/\/schema.org\",\"@graph\":[{\"@type\":\"WebPage\",\"@id\":\"https:\/\/dresden-nazifrei.com\/kampa\/archiv\/die-problemlage\/\",\"url\":\"https:\/\/dresden-nazifrei.com\/kampa\/archiv\/die-problemlage\/\",\"name\":\"Die Problemlage - Dresden WiEdersetzen\",\"isPartOf\":{\"@id\":\"https:\/\/dresden-nazifrei.com\/kampa\/#website\"},\"primaryImageOfPage\":{\"@id\":\"https:\/\/dresden-nazifrei.com\/kampa\/archiv\/die-problemlage\/#primaryimage\"},\"image\":{\"@id\":\"https:\/\/dresden-nazifrei.com\/kampa\/archiv\/die-problemlage\/#primaryimage\"},\"thumbnailUrl\":\"https:\/\/dresden-nazifrei.com\/kampa\/wp-content\/uploads\/2016\/09\/RAA.png\",\"datePublished\":\"2016-09-21T22:42:28+00:00\",\"dateModified\":\"2022-06-26T07:08:09+00:00\",\"breadcrumb\":{\"@id\":\"https:\/\/dresden-nazifrei.com\/kampa\/archiv\/die-problemlage\/#breadcrumb\"},\"inLanguage\":\"de\",\"potentialAction\":[{\"@type\":\"ReadAction\",\"target\":[\"https:\/\/dresden-nazifrei.com\/kampa\/archiv\/die-problemlage\/\"]}]},{\"@type\":\"ImageObject\",\"inLanguage\":\"de\",\"@id\":\"https:\/\/dresden-nazifrei.com\/kampa\/archiv\/die-problemlage\/#primaryimage\",\"url\":\"https:\/\/dresden-nazifrei.com\/kampa\/wp-content\/uploads\/2016\/09\/RAA.png\",\"contentUrl\":\"https:\/\/dresden-nazifrei.com\/kampa\/wp-content\/uploads\/2016\/09\/RAA.png\",\"width\":267,\"height\":185},{\"@type\":\"BreadcrumbList\",\"@id\":\"https:\/\/dresden-nazifrei.com\/kampa\/archiv\/die-problemlage\/#breadcrumb\",\"itemListElement\":[{\"@type\":\"ListItem\",\"position\":1,\"name\":\"Startseite\",\"item\":\"https:\/\/dresden-nazifrei.com\/kampa\/\"},{\"@type\":\"ListItem\",\"position\":2,\"name\":\"Archiv\",\"item\":\"https:\/\/dresden-nazifrei.com\/kampa\/archiv\/\"},{\"@type\":\"ListItem\",\"position\":3,\"name\":\"Die Problemlage\"}]},{\"@type\":\"WebSite\",\"@id\":\"https:\/\/dresden-nazifrei.com\/kampa\/#website\",\"url\":\"https:\/\/dresden-nazifrei.com\/kampa\/\",\"name\":\"Dresden WiEdersetzen\",\"description\":\"Dresden stellt sich quer\",\"publisher\":{\"@id\":\"https:\/\/dresden-nazifrei.com\/kampa\/#organization\"},\"potentialAction\":[{\"@type\":\"SearchAction\",\"target\":{\"@type\":\"EntryPoint\",\"urlTemplate\":\"https:\/\/dresden-nazifrei.com\/kampa\/?s={search_term_string}\"},\"query-input\":{\"@type\":\"PropertyValueSpecification\",\"valueRequired\":true,\"valueName\":\"search_term_string\"}}],\"inLanguage\":\"de\"},{\"@type\":\"Organization\",\"@id\":\"https:\/\/dresden-nazifrei.com\/kampa\/#organization\",\"name\":\"Dresden Nazifrei\",\"url\":\"https:\/\/dresden-nazifrei.com\/kampa\/\",\"logo\":{\"@type\":\"ImageObject\",\"inLanguage\":\"de\",\"@id\":\"https:\/\/dresden-nazifrei.com\/kampa\/#\/schema\/logo\/image\/\",\"url\":\"https:\/\/dresden-nazifrei.com\/kampa\/wp-content\/uploads\/2021\/03\/Logo-Schwarz-Rot.png\",\"contentUrl\":\"https:\/\/dresden-nazifrei.com\/kampa\/wp-content\/uploads\/2021\/03\/Logo-Schwarz-Rot.png\",\"width\":500,\"height\":500,\"caption\":\"Dresden Nazifrei\"},\"image\":{\"@id\":\"https:\/\/dresden-nazifrei.com\/kampa\/#\/schema\/logo\/image\/\"},\"sameAs\":[\"https:\/\/www.facebook.com\/dresden.stellt.sich.quer\/\",\"https:\/\/x.com\/dd_nazifrei\",\"https:\/\/www.instagram.com\/dd_nazifrei\/\",\"https:\/\/www.youtube.com\/channel\/UC2w1_etudyqY1XziVPgba8Q\"]}]}<\/script>\n<!-- \/ Yoast SEO plugin. -->","yoast_head_json":{"title":"Die Problemlage - Dresden WiEdersetzen","robots":{"index":"index","follow":"follow","max-snippet":"max-snippet:-1","max-image-preview":"max-image-preview:large","max-video-preview":"max-video-preview:-1"},"canonical":"https:\/\/dresden-nazifrei.com\/kampa\/archiv\/die-problemlage\/","og_locale":"de_DE","og_type":"article","og_title":"Die Problemlage - Dresden WiEdersetzen","og_description":"\u2026 Dresden ist rassistischer als andere St\u00e4dte! Laut den Statistiken der RAA Sachsen e.V., der regionalen Opferberatung f\u00fcr Betroffene rechtsmotivierter Gewalt, nehmen rassistische Vorf\u00e4lle in Dresden seit Jahren zu. Waren es 2012 noch \u201enur\u201c&#46;&#46;&#46;","og_url":"https:\/\/dresden-nazifrei.com\/kampa\/archiv\/die-problemlage\/","og_site_name":"Dresden WiEdersetzen","article_publisher":"https:\/\/www.facebook.com\/dresden.stellt.sich.quer\/","article_modified_time":"2022-06-26T07:08:09+00:00","og_image":[{"url":"https:\/\/dresden-nazifrei.com\/kampa\/wp-content\/uploads\/2016\/09\/RAA.png","type":"","width":"","height":""}],"twitter_card":"summary_large_image","twitter_site":"@dd_nazifrei","twitter_misc":{"Gesch\u00e4tzte Lesezeit":"4\u00a0Minuten"},"schema":{"@context":"https:\/\/schema.org","@graph":[{"@type":"WebPage","@id":"https:\/\/dresden-nazifrei.com\/kampa\/archiv\/die-problemlage\/","url":"https:\/\/dresden-nazifrei.com\/kampa\/archiv\/die-problemlage\/","name":"Die Problemlage - Dresden WiEdersetzen","isPartOf":{"@id":"https:\/\/dresden-nazifrei.com\/kampa\/#website"},"primaryImageOfPage":{"@id":"https:\/\/dresden-nazifrei.com\/kampa\/archiv\/die-problemlage\/#primaryimage"},"image":{"@id":"https:\/\/dresden-nazifrei.com\/kampa\/archiv\/die-problemlage\/#primaryimage"},"thumbnailUrl":"https:\/\/dresden-nazifrei.com\/kampa\/wp-content\/uploads\/2016\/09\/RAA.png","datePublished":"2016-09-21T22:42:28+00:00","dateModified":"2022-06-26T07:08:09+00:00","breadcrumb":{"@id":"https:\/\/dresden-nazifrei.com\/kampa\/archiv\/die-problemlage\/#breadcrumb"},"inLanguage":"de","potentialAction":[{"@type":"ReadAction","target":["https:\/\/dresden-nazifrei.com\/kampa\/archiv\/die-problemlage\/"]}]},{"@type":"ImageObject","inLanguage":"de","@id":"https:\/\/dresden-nazifrei.com\/kampa\/archiv\/die-problemlage\/#primaryimage","url":"https:\/\/dresden-nazifrei.com\/kampa\/wp-content\/uploads\/2016\/09\/RAA.png","contentUrl":"https:\/\/dresden-nazifrei.com\/kampa\/wp-content\/uploads\/2016\/09\/RAA.png","width":267,"height":185},{"@type":"BreadcrumbList","@id":"https:\/\/dresden-nazifrei.com\/kampa\/archiv\/die-problemlage\/#breadcrumb","itemListElement":[{"@type":"ListItem","position":1,"name":"Startseite","item":"https:\/\/dresden-nazifrei.com\/kampa\/"},{"@type":"ListItem","position":2,"name":"Archiv","item":"https:\/\/dresden-nazifrei.com\/kampa\/archiv\/"},{"@type":"ListItem","position":3,"name":"Die Problemlage"}]},{"@type":"WebSite","@id":"https:\/\/dresden-nazifrei.com\/kampa\/#website","url":"https:\/\/dresden-nazifrei.com\/kampa\/","name":"Dresden WiEdersetzen","description":"Dresden stellt sich quer","publisher":{"@id":"https:\/\/dresden-nazifrei.com\/kampa\/#organization"},"potentialAction":[{"@type":"SearchAction","target":{"@type":"EntryPoint","urlTemplate":"https:\/\/dresden-nazifrei.com\/kampa\/?s={search_term_string}"},"query-input":{"@type":"PropertyValueSpecification","valueRequired":true,"valueName":"search_term_string"}}],"inLanguage":"de"},{"@type":"Organization","@id":"https:\/\/dresden-nazifrei.com\/kampa\/#organization","name":"Dresden Nazifrei","url":"https:\/\/dresden-nazifrei.com\/kampa\/","logo":{"@type":"ImageObject","inLanguage":"de","@id":"https:\/\/dresden-nazifrei.com\/kampa\/#\/schema\/logo\/image\/","url":"https:\/\/dresden-nazifrei.com\/kampa\/wp-content\/uploads\/2021\/03\/Logo-Schwarz-Rot.png","contentUrl":"https:\/\/dresden-nazifrei.com\/kampa\/wp-content\/uploads\/2021\/03\/Logo-Schwarz-Rot.png","width":500,"height":500,"caption":"Dresden Nazifrei"},"image":{"@id":"https:\/\/dresden-nazifrei.com\/kampa\/#\/schema\/logo\/image\/"},"sameAs":["https:\/\/www.facebook.com\/dresden.stellt.sich.quer\/","https:\/\/x.com\/dd_nazifrei","https:\/\/www.instagram.com\/dd_nazifrei\/","https:\/\/www.youtube.com\/channel\/UC2w1_etudyqY1XziVPgba8Q"]}]}},"_links":{"self":[{"href":"https:\/\/dresden-nazifrei.com\/kampa\/wp-json\/wp\/v2\/pages\/31","targetHints":{"allow":["GET"]}}],"collection":[{"href":"https:\/\/dresden-nazifrei.com\/kampa\/wp-json\/wp\/v2\/pages"}],"about":[{"href":"https:\/\/dresden-nazifrei.com\/kampa\/wp-json\/wp\/v2\/types\/page"}],"author":[{"embeddable":true,"href":"https:\/\/dresden-nazifrei.com\/kampa\/wp-json\/wp\/v2\/users\/1"}],"replies":[{"embeddable":true,"href":"https:\/\/dresden-nazifrei.com\/kampa\/wp-json\/wp\/v2\/comments?post=31"}],"version-history":[{"count":14,"href":"https:\/\/dresden-nazifrei.com\/kampa\/wp-json\/wp\/v2\/pages\/31\/revisions"}],"predecessor-version":[{"id":8929,"href":"https:\/\/dresden-nazifrei.com\/kampa\/wp-json\/wp\/v2\/pages\/31\/revisions\/8929"}],"up":[{"embeddable":true,"href":"https:\/\/dresden-nazifrei.com\/kampa\/wp-json\/wp\/v2\/pages\/2654"}],"wp:attachment":[{"href":"https:\/\/dresden-nazifrei.com\/kampa\/wp-json\/wp\/v2\/media?parent=31"}],"curies":[{"name":"wp","href":"https:\/\/api.w.org\/{rel}","templated":true}]}}