{"id":3414,"date":"2020-02-04T00:13:43","date_gmt":"2020-02-03T23:13:43","guid":{"rendered":"https:\/\/dresden-nazifrei.com\/?page_id=3414"},"modified":"2026-02-04T12:40:43","modified_gmt":"2026-02-04T11:40:43","slug":"spenden","status":"publish","type":"page","link":"https:\/\/dresden-nazifrei.com\/kampa\/spenden\/","title":{"rendered":"Spenden"},"content":{"rendered":"\n<p>Mehrere Organisationen sammeln Spenden f\u00fcr Projekte rund um den 13. Februar, wie bspw. Bildungsveranstaltungen.<br>Die geringsten Geb\u00fchren fallen \u00fcber regelm\u00e4\u00dfige Spenden per Lastschrift an. Daf\u00fcr kannst du jetzt F\u00f6rdermitglied im Antifa e. V. werden. Schon ab 1,61\u20ac monatlich \ud83d\ude09<\/p>\n\n\n\n<p><a rel=\"noreferrer noopener\" href=\"https:\/\/cloud.rote.tools\/index.php\/apps\/forms\/s\/YaKywtmQrnofHKjBeJaKqRTx\" target=\"_blank\">F\u00f6rdermitgliedschaft Antifa<\/a><\/p>\n\n\n\n<p>Auch f\u00fcr einmalige Spenden ist die gute alte \u00dcberweisung die kosteng\u00fcnstigste M\u00f6glichkeit.<\/p>\n\n\n\n<p><strong>VVN-BdA Region Dresden e.V.<\/strong><br>IBAN: DE33850950047431721010<br>Institut: VR-Bank Mei\u00dfen<br>Verwendungszweck: DDWiEdersetzen<\/p>\n\n\n\n<p><strong>Anita Tilda Faber e. V.<\/strong><br>IBAN: DE33850503000221272224<br>Institut: Osts\u00e4chsische Sparkasse Dresden<br>Verwendungszweck: Spende, [ggf. Name + Adresse]\u00a0<\/p>\n\n\n\n<p><strong>Kultopia gGmbH<\/strong><br>IBAN: DE06430609671221392700<br>Institut: GLS Bank<br>Verwendungszweck: Spende<br>Aber nat\u00fcrlich kannst du auch via PayPal oder Kreditkarte an uns spenden<br>*<a href=\"https:\/\/www.paypal.com\/donate\/?hosted_button_id=QB3NAYD3R29FJ\" target=\"_blank\" rel=\"noreferrer noopener\">Direkt via PayPal oder Kreditkarte<\/a><br><a href=\"https:\/\/kultopia.org\/spenden\/\" target=\"_blank\" rel=\"noreferrer noopener\">via Spendenformular<\/a><\/p>\n\n\n\n<p>*Bedenke dabei, dass es sich um US-amerikanische Zahlungsdienstleister handelt und von deiner Spende durch deutlich h\u00f6here Geb\u00fchren weniger bei uns ankommt.<\/p>\n","protected":false},"excerpt":{"rendered":"<p>Mehrere Organisationen sammeln Spenden f\u00fcr Projekte rund um den 13. Februar, wie bspw. Bildungsveranstaltungen.Die geringsten Geb\u00fchren fallen \u00fcber regelm\u00e4\u00dfige Spenden per Lastschrift an. Daf\u00fcr kannst du jetzt F\u00f6rdermitglied im Antifa e. V. werden. Schon&#46;&#46;&#46;<\/p>\n","protected":false},"author":3,"featured_media":0,"parent":0,"menu_order":11,"comment_status":"closed","ping_status":"closed","template":"","meta":{"_monsterinsights_skip_tracking":false,"_monsterinsights_sitenote_active":false,"_monsterinsights_sitenote_note":"","_monsterinsights_sitenote_category":0,"footnotes":""},"class_list":["post-3414","page","type-page","status-publish","hentry"],"yoast_head":"<!-- This site is optimized with the Yoast SEO plugin v27.2 - https:\/\/yoast.com\/product\/yoast-seo-wordpress\/ -->\n<title>Spenden - Dresden WiEdersetzen<\/title>\n<meta name=\"robots\" content=\"index, follow, max-snippet:-1, max-image-preview:large, max-video-preview:-1\" \/>\n<link rel=\"canonical\" href=\"https:\/\/dresden-nazifrei.com\/kampa\/spenden\/\" \/>\n<meta property=\"og:locale\" content=\"de_DE\" \/>\n<meta property=\"og:type\" content=\"article\" \/>\n<meta property=\"og:title\" content=\"Spenden - Dresden WiEdersetzen\" \/>\n<meta property=\"og:description\" content=\"Mehrere Organisationen sammeln Spenden f\u00fcr Projekte rund um den 13. Februar, wie bspw. Bildungsveranstaltungen.Die geringsten Geb\u00fchren fallen \u00fcber regelm\u00e4\u00dfige Spenden per Lastschrift an. Daf\u00fcr kannst du jetzt F\u00f6rdermitglied im Antifa e. V. werden. Schon&#046;&#046;&#046;\" \/>\n<meta property=\"og:url\" content=\"https:\/\/dresden-nazifrei.com\/kampa\/spenden\/\" \/>\n<meta property=\"og:site_name\" content=\"Dresden WiEdersetzen\" \/>\n<meta property=\"article:publisher\" content=\"https:\/\/www.facebook.com\/dresden.stellt.sich.quer\/\" \/>\n<meta property=\"article:modified_time\" content=\"2026-02-04T11:40:43+00:00\" \/>\n<meta property=\"og:image\" content=\"https:\/\/dresden-nazifrei.com\/kampa\/wp-content\/uploads\/2021\/01\/Stadt-FB-Rot.png\" \/>\n\t<meta property=\"og:image:width\" content=\"1600\" \/>\n\t<meta property=\"og:image:height\" content=\"900\" \/>\n\t<meta property=\"og:image:type\" content=\"image\/png\" \/>\n<meta name=\"twitter:card\" content=\"summary_large_image\" \/>\n<meta name=\"twitter:site\" content=\"@dd_nazifrei\" \/>\n<meta name=\"twitter:label1\" content=\"Gesch\u00e4tzte Lesezeit\" \/>\n\t<meta name=\"twitter:data1\" content=\"1\u00a0Minute\" \/>\n<script type=\"application\/ld+json\" class=\"yoast-schema-graph\">{\"@context\":\"https:\/\/schema.org\",\"@graph\":[{\"@type\":\"WebPage\",\"@id\":\"https:\/\/dresden-nazifrei.com\/kampa\/spenden\/\",\"url\":\"https:\/\/dresden-nazifrei.com\/kampa\/spenden\/\",\"name\":\"Spenden - Dresden WiEdersetzen\",\"isPartOf\":{\"@id\":\"https:\/\/dresden-nazifrei.com\/kampa\/#website\"},\"datePublished\":\"2020-02-03T23:13:43+00:00\",\"dateModified\":\"2026-02-04T11:40:43+00:00\",\"breadcrumb\":{\"@id\":\"https:\/\/dresden-nazifrei.com\/kampa\/spenden\/#breadcrumb\"},\"inLanguage\":\"de\",\"potentialAction\":[{\"@type\":\"ReadAction\",\"target\":[\"https:\/\/dresden-nazifrei.com\/kampa\/spenden\/\"]}]},{\"@type\":\"BreadcrumbList\",\"@id\":\"https:\/\/dresden-nazifrei.com\/kampa\/spenden\/#breadcrumb\",\"itemListElement\":[{\"@type\":\"ListItem\",\"position\":1,\"name\":\"Startseite\",\"item\":\"https:\/\/dresden-nazifrei.com\/kampa\/\"},{\"@type\":\"ListItem\",\"position\":2,\"name\":\"Spenden\"}]},{\"@type\":\"WebSite\",\"@id\":\"https:\/\/dresden-nazifrei.com\/kampa\/#website\",\"url\":\"https:\/\/dresden-nazifrei.com\/kampa\/\",\"name\":\"Dresden WiEdersetzen\",\"description\":\"Dresden stellt sich quer\",\"publisher\":{\"@id\":\"https:\/\/dresden-nazifrei.com\/kampa\/#organization\"},\"potentialAction\":[{\"@type\":\"SearchAction\",\"target\":{\"@type\":\"EntryPoint\",\"urlTemplate\":\"https:\/\/dresden-nazifrei.com\/kampa\/?s={search_term_string}\"},\"query-input\":{\"@type\":\"PropertyValueSpecification\",\"valueRequired\":true,\"valueName\":\"search_term_string\"}}],\"inLanguage\":\"de\"},{\"@type\":\"Organization\",\"@id\":\"https:\/\/dresden-nazifrei.com\/kampa\/#organization\",\"name\":\"Dresden Nazifrei\",\"url\":\"https:\/\/dresden-nazifrei.com\/kampa\/\",\"logo\":{\"@type\":\"ImageObject\",\"inLanguage\":\"de\",\"@id\":\"https:\/\/dresden-nazifrei.com\/kampa\/#\/schema\/logo\/image\/\",\"url\":\"https:\/\/dresden-nazifrei.com\/kampa\/wp-content\/uploads\/2021\/03\/Logo-Schwarz-Rot.png\",\"contentUrl\":\"https:\/\/dresden-nazifrei.com\/kampa\/wp-content\/uploads\/2021\/03\/Logo-Schwarz-Rot.png\",\"width\":500,\"height\":500,\"caption\":\"Dresden Nazifrei\"},\"image\":{\"@id\":\"https:\/\/dresden-nazifrei.com\/kampa\/#\/schema\/logo\/image\/\"},\"sameAs\":[\"https:\/\/www.facebook.com\/dresden.stellt.sich.quer\/\",\"https:\/\/x.com\/dd_nazifrei\",\"https:\/\/www.instagram.com\/dd_nazifrei\/\",\"https:\/\/www.youtube.com\/channel\/UC2w1_etudyqY1XziVPgba8Q\"]}]}<\/script>\n<!-- \/ Yoast SEO plugin. -->","yoast_head_json":{"title":"Spenden - Dresden WiEdersetzen","robots":{"index":"index","follow":"follow","max-snippet":"max-snippet:-1","max-image-preview":"max-image-preview:large","max-video-preview":"max-video-preview:-1"},"canonical":"https:\/\/dresden-nazifrei.com\/kampa\/spenden\/","og_locale":"de_DE","og_type":"article","og_title":"Spenden - Dresden WiEdersetzen","og_description":"Mehrere Organisationen sammeln Spenden f\u00fcr Projekte rund um den 13. Februar, wie bspw. Bildungsveranstaltungen.Die geringsten Geb\u00fchren fallen \u00fcber regelm\u00e4\u00dfige Spenden per Lastschrift an. Daf\u00fcr kannst du jetzt F\u00f6rdermitglied im Antifa e. V. werden. Schon&#46;&#46;&#46;","og_url":"https:\/\/dresden-nazifrei.com\/kampa\/spenden\/","og_site_name":"Dresden WiEdersetzen","article_publisher":"https:\/\/www.facebook.com\/dresden.stellt.sich.quer\/","article_modified_time":"2026-02-04T11:40:43+00:00","og_image":[{"width":1600,"height":900,"url":"https:\/\/dresden-nazifrei.com\/kampa\/wp-content\/uploads\/2021\/01\/Stadt-FB-Rot.png","type":"image\/png"}],"twitter_card":"summary_large_image","twitter_site":"@dd_nazifrei","twitter_misc":{"Gesch\u00e4tzte Lesezeit":"1\u00a0Minute"},"schema":{"@context":"https:\/\/schema.org","@graph":[{"@type":"WebPage","@id":"https:\/\/dresden-nazifrei.com\/kampa\/spenden\/","url":"https:\/\/dresden-nazifrei.com\/kampa\/spenden\/","name":"Spenden - Dresden WiEdersetzen","isPartOf":{"@id":"https:\/\/dresden-nazifrei.com\/kampa\/#website"},"datePublished":"2020-02-03T23:13:43+00:00","dateModified":"2026-02-04T11:40:43+00:00","breadcrumb":{"@id":"https:\/\/dresden-nazifrei.com\/kampa\/spenden\/#breadcrumb"},"inLanguage":"de","potentialAction":[{"@type":"ReadAction","target":["https:\/\/dresden-nazifrei.com\/kampa\/spenden\/"]}]},{"@type":"BreadcrumbList","@id":"https:\/\/dresden-nazifrei.com\/kampa\/spenden\/#breadcrumb","itemListElement":[{"@type":"ListItem","position":1,"name":"Startseite","item":"https:\/\/dresden-nazifrei.com\/kampa\/"},{"@type":"ListItem","position":2,"name":"Spenden"}]},{"@type":"WebSite","@id":"https:\/\/dresden-nazifrei.com\/kampa\/#website","url":"https:\/\/dresden-nazifrei.com\/kampa\/","name":"Dresden WiEdersetzen","description":"Dresden stellt sich quer","publisher":{"@id":"https:\/\/dresden-nazifrei.com\/kampa\/#organization"},"potentialAction":[{"@type":"SearchAction","target":{"@type":"EntryPoint","urlTemplate":"https:\/\/dresden-nazifrei.com\/kampa\/?s={search_term_string}"},"query-input":{"@type":"PropertyValueSpecification","valueRequired":true,"valueName":"search_term_string"}}],"inLanguage":"de"},{"@type":"Organization","@id":"https:\/\/dresden-nazifrei.com\/kampa\/#organization","name":"Dresden Nazifrei","url":"https:\/\/dresden-nazifrei.com\/kampa\/","logo":{"@type":"ImageObject","inLanguage":"de","@id":"https:\/\/dresden-nazifrei.com\/kampa\/#\/schema\/logo\/image\/","url":"https:\/\/dresden-nazifrei.com\/kampa\/wp-content\/uploads\/2021\/03\/Logo-Schwarz-Rot.png","contentUrl":"https:\/\/dresden-nazifrei.com\/kampa\/wp-content\/uploads\/2021\/03\/Logo-Schwarz-Rot.png","width":500,"height":500,"caption":"Dresden Nazifrei"},"image":{"@id":"https:\/\/dresden-nazifrei.com\/kampa\/#\/schema\/logo\/image\/"},"sameAs":["https:\/\/www.facebook.com\/dresden.stellt.sich.quer\/","https:\/\/x.com\/dd_nazifrei","https:\/\/www.instagram.com\/dd_nazifrei\/","https:\/\/www.youtube.com\/channel\/UC2w1_etudyqY1XziVPgba8Q"]}]}},"_links":{"self":[{"href":"https:\/\/dresden-nazifrei.com\/kampa\/wp-json\/wp\/v2\/pages\/3414","targetHints":{"allow":["GET"]}}],"collection":[{"href":"https:\/\/dresden-nazifrei.com\/kampa\/wp-json\/wp\/v2\/pages"}],"about":[{"href":"https:\/\/dresden-nazifrei.com\/kampa\/wp-json\/wp\/v2\/types\/page"}],"author":[{"embeddable":true,"href":"https:\/\/dresden-nazifrei.com\/kampa\/wp-json\/wp\/v2\/users\/3"}],"replies":[{"embeddable":true,"href":"https:\/\/dresden-nazifrei.com\/kampa\/wp-json\/wp\/v2\/comments?post=3414"}],"version-history":[{"count":4,"href":"https:\/\/dresden-nazifrei.com\/kampa\/wp-json\/wp\/v2\/pages\/3414\/revisions"}],"predecessor-version":[{"id":11118,"href":"https:\/\/dresden-nazifrei.com\/kampa\/wp-json\/wp\/v2\/pages\/3414\/revisions\/11118"}],"wp:attachment":[{"href":"https:\/\/dresden-nazifrei.com\/kampa\/wp-json\/wp\/v2\/media?parent=3414"}],"curies":[{"name":"wp","href":"https:\/\/api.w.org\/{rel}","templated":true}]}}