{"id":3478,"date":"2020-02-09T23:51:11","date_gmt":"2020-02-09T22:51:11","guid":{"rendered":"https:\/\/dresden-nazifrei.com\/?page_id=3478"},"modified":"2022-04-14T16:46:39","modified_gmt":"2022-04-14T14:46:39","slug":"aktionstag-13-februar-2020","status":"publish","type":"page","link":"https:\/\/dresden-nazifrei.com\/kampa\/13februar-dresden\/13februar-2020\/aktionstag-13-februar-2020\/","title":{"rendered":"Aktionstag 13. Februar 2020"},"content":{"rendered":"\n<p>F\u00fcr alle, die noch nicht die Zeit hatten sich umfassender zu Informieren. Der 13.Februar ist der Jahrestag der Bombardierung Dresdens. An diesem Tag ist mit verschiedenen Nazi-Aktivit\u00e4ten zu rechnen. <a href=\"https:\/\/dresden-nazifrei.com\/aktionstag-15-februar-2020\/\" target=\"_blank\" rel=\"noreferrer noopener\" aria-label=\"Der als \u201eTrauermarsch\u201c bezeichnete gro\u00dfe Nazi-Aufmarsch soll dagegen am 15. Februar stattfinden (\u00f6ffnet in neuem Tab)\">Der als \u201eTrauermarsch\u201c bezeichnete gro\u00dfe Nazi-Aufmarsch soll dagegen am 15. Februar stattfinden<\/a>.<\/p>\n\n\n\n<h4 class=\"wp-block-heading\">Innenstadt Dresden<\/h4>\n\n\n\n<p>Menschenkette der Stadt Dresden, Feigenblattaktion der Stadt<\/p>\n\n\n\n<ul class=\"wp-block-list\"><li>17.00 Uhr Auftakt zur Menschenkette auf dem Neumarkt, Reden des Rektors der Uni, des OB und des Bundespr\u00e4sidenten<\/li><li>17.30 Uhr Gang zur Menschenkette<\/li><li>18:00 &#8211; 18:10 Uhr Zusammenschluss Menschenkette<\/li><li><em>19:00 Uhr Ren\u00e9 Jahn (Pegida und andere rechtsradikale Splittergruppen) ruft zu einem \u201estillen Spaziergang\u201c ab Kronentor am Dresdner Zwinger auf. Klientel d\u00fcrfte aus Pegidisten, Wellenl\u00e4ngen und Figuren der Freien W\u00e4hler Dresden stammen (Frank Hannig, Susanne Dagen, Jens Genschmar, &#8230;)<\/em><\/li><\/ul>\n\n\n\n<p>Offen f\u00fcr alle (auch f\u00fcr Nazis!) <\/p>\n\n\n\n<p>21.45 &#8211; 22:00 Uhr Glockenl\u00e4uten der Stadtkirchen<\/p>\n\n\n\n<h4 class=\"wp-block-heading\">Neumarkt vor der Frauenkirche<\/h4>\n\n\n\n<p>15:00 \u2013 22:00 Uhr \u201eStilles Gedenken\u201c der Stadt Dresden und Gesellschaft zur F\u00f6rderung der Frauenkirche Dresden e.V.<\/p>\n\n\n\n<p>Offen f\u00fcr alle (auch f\u00fcr Nazis!) <\/p>\n\n\n\n<h4 class=\"wp-block-heading\">Geschehen auf dem Altmarkt<\/h4>\n\n\n\n<ul class=\"wp-block-list\"><li>10:00 \u2013 16:00 Die Faschisten der AfD mit einem \u201eInfostand\u201c f\u00fcr ein \u201ew\u00fcrdiges Gedenken\u201c<\/li><li>16:00 \u2013 22:00 <strong><a rel=\"noreferrer noopener\" aria-label=\"Kundgebung des Aktionsb\u00fcndnis (\u00f6ffnet in neuem Tab)\" href=\"https:\/\/dresden-nazifrei.com\/veranstaltungen\/nazis-stoeren-auf-dem-altmarkt\/\" target=\"_blank\">Kundgebung des Aktionsb\u00fcndnis<\/a><\/strong>, organisiert durch <a rel=\"noreferrer noopener\" aria-label=\"HOPE (\u00f6ffnet in neuem Tab)\" href=\"https:\/\/www.facebook.com\/events\/519252315615204\/\" target=\"_blank\">HOPE<\/a>,  Infotische mit Mobimaterial und Infos f\u00fcr den 15. Februar, Protest gegen den geschichtsrevisionistischen Dresdner Opferzirkus und das ekelhafte \u201eGedenken\u201c der AfD<\/li><li>21:30 &#8211; 22:15  Geschichtsrevisionistisches \u201eGedenken\u201c der AfD und anderer Nazis <\/li><li>Die rechten sog. \u201eWellenl\u00e4ngen\u201c haben einen eigenen Protest gegen den Gegenprotest angemeldet und wollen sich mal wieder l\u00e4cherlich machen.<\/li><\/ul>\n\n\n\n<h4 class=\"wp-block-heading\">Geschehen auf dem Neumarkt<\/h4>\n\n\n\n<ul class=\"wp-block-list\"><li>14:45 bis 15:30 Uhr <a rel=\"noreferrer noopener\" aria-label=\"Performative Kunstaktion der Polizeiklasse Dresden (\u00f6ffnet in neuem Tab)\" href=\"https:\/\/www.facebook.com\/events\/2707910325989230\/\" target=\"_blank\"><strong>Performative Kunstaktion der Polizeiklasse Dresden<\/strong><\/a> \u2013 einfach mal gucken gehen<\/li><li>Auch hier wollen die sog. \u201eWellenl\u00e4ngen\u201c wohl aktiv sein. Fragt sich wie sich die ca. 5 Menschen der &#8222;Wellenl\u00e4ngen&#8220; dann so aufteilen? <\/li><\/ul>\n\n\n\n<h4 class=\"wp-block-heading\">Geschehen in Altnickern<\/h4>\n\n\n\n<ul class=\"wp-block-list\"><li>15 &#8211; 19 Uhr: Die Gr\u00fcne Jugend und andere f\u00fchren am geschichtsrevisionistischen Mahnmal in Altnickern eine Kundgebung mit Lesungen durch.<\/li><\/ul>\n\n\n\n<h4 class=\"wp-block-heading\">Geschehen an der Tr\u00fcmmerfrau <\/h4>\n\n\n\n<ul class=\"wp-block-list\"><li>Der Stadtverband von B\u00fcndnis 90\/Die Gr\u00fcnen hat von 18 bis 22.30 Uhr eine Mahnwache &#8222;<a rel=\"noreferrer noopener\" aria-label=\"Tu was gegen Rechts! (\u00f6ffnet in neuem Tab)\" href=\"https:\/\/www.facebook.com\/events\/2745875865530931\/\" target=\"_blank\"><strong>Tu was gegen Rechts!<\/strong><\/a>&#8220; an der Tr\u00fcmmerfrau am Rathaus angemeldet. <\/li><\/ul>\n\n\n\n<h4 class=\"wp-block-heading\">Heidefriedhof<\/h4>\n\n\n\n<p>Vormittags\/Mittags \u201eGedenken\u201c auf dem Heidefriedhof, es ist mit erh\u00f6htem Nazi-Aufkommen zu rechnen.<\/p>\n\n\n\n<p>Ab 9:30 Kundgebung der Linksjugend am Heidefriedhof<\/p>\n\n\n\n<h4 class=\"wp-block-heading\">Aktuelle Informationen \u00fcber \u2026<\/h4>\n\n\n\n<ul class=\"wp-block-list\"><li><strong><a rel=\"noreferrer noopener\" aria-label=\"Twitter (\u00f6ffnet in neuem Tab)\" href=\"https:\/\/twitter.com\/dd_nazifrei\" target=\"_blank\">Twitter<\/a>, <a rel=\"noreferrer noopener\" aria-label=\"#DD1302 (\u00f6ffnet in neuem Tab)\" href=\"https:\/\/twitter.com\/search?q=%23DD1302&amp;src=typed_query&amp;f=live\" target=\"_blank\">#DD1302<\/a>, <a href=\"https:\/\/twitter.com\/search?q=%23NazisSt%C3%B6ren&amp;src=typed_query&amp;f=live\">#NazisSt\u00f6ren<\/a>, \u2026<\/strong><\/li><li><a rel=\"noreferrer noopener\" aria-label=\"Telegram-Kanal (\u00f6ffnet in neuem Tab)\" href=\"https:\/\/t.me\/s\/DDNF2020\" target=\"_blank\"><strong>Telegram-Kanal<\/strong><\/a><\/li><\/ul>\n\n\n\n<h4 class=\"wp-block-heading\">Gemeinsame Anreisen<\/h4>\n\n\n\n<ul class=\"wp-block-list\"><li>aus <a rel=\"noreferrer noopener\" aria-label=\"Aus Leipzig (\u00f6ffnet in neuem Tab)\" href=\"https:\/\/www.facebook.com\/events\/177405800196057\/\" target=\"_blank\"><strong>Leipzig<\/strong><\/a><\/li><\/ul>\n\n\n\n<h4 class=\"wp-block-heading\">Awareness-Team<\/h4>\n\n\n\n<p>F\u00fcr die Veranstaltung auf dem Altmarkt steht ein Awarness-Team zur Verf\u00fcgung. Was sich dahinter verbirgt, k\u00f6nnt ihr <a rel=\"noreferrer noopener\" aria-label=\"hier (\u00f6ffnet in neuem Tab)\" href=\"https:\/\/dresden-nazifrei.com\/awareness-konzept-des-aktionsbuendnis-13-februar-2020-kurz-zusammengefasst\/\" target=\"_blank\"><strong>hier<\/strong><\/a> nachlesen.<\/p>\n\n\n\n<h4 class=\"wp-block-heading\">Demosanis<\/h4>\n\n\n\n<p><em>Stehen ab 17:30 Uhr f\u00fcr euch zur Verf\u00fcgung, falls ihr deren Hilfe ben\u00f6tigt.<\/em><\/p>\n\n\n\n<h4 class=\"wp-block-heading\">Bettenb\u00f6rse<\/h4>\n\n\n\n<p>F\u00fcr den 13. Februar vielleicht weniger wichtig als f\u00fcr den <a rel=\"noreferrer noopener\" aria-label=\"15. Februar, f\u00fcr den die Nazis ihren Aufmarsch planen (\u00f6ffnet in neuem Tab)\" href=\"https:\/\/dresden-nazifrei.com\/aktionstag-15-februar-2020\/\" target=\"_blank\"><strong>15. Februar, f\u00fcr den die Nazis ihren Aufmarsch planen<\/strong><\/a>. Wer dennoch bereits zum 13. anreisen will, findet \u00dcbernachtungsm\u00f6glichkeiten \u00fcber unsere <a rel=\"noreferrer noopener\" aria-label=\"Bettenb\u00f6rse (\u00f6ffnet in neuem Tab)\" href=\"https:\/\/dresden-nazifrei.com\/bettenboerse-fuer-die-aktionswoche\/\" target=\"_blank\"><strong>Bettenb\u00f6rse<\/strong><\/a>.<\/p>\n\n\n\n<h4 class=\"wp-block-heading\">Spenden<\/h4>\n\n\n\n<p>Unsere Aktionen kosten eine ganze Stange Geld. Wer uns hier unterst\u00fctzen m\u00f6chte, hat <a rel=\"noreferrer noopener\" aria-label=\"hier (\u00f6ffnet in neuem Tab)\" href=\"https:\/\/dresden-nazifrei.com\/spenden\/\" target=\"_blank\"><strong>hier<\/strong><\/a> die M\u00f6glichkeit uns einen selbst gew\u00e4hlten Betrag zu \u00fcberweisen.<\/p>\n","protected":false},"excerpt":{"rendered":"<p>F\u00fcr alle, die noch nicht die Zeit hatten sich umfassender zu Informieren. Der 13.Februar ist der Jahrestag der Bombardierung Dresdens. An diesem Tag ist mit verschiedenen Nazi-Aktivit\u00e4ten zu rechnen. Der als \u201eTrauermarsch\u201c bezeichnete gro\u00dfe&#46;&#46;&#46;<\/p>\n","protected":false},"author":3,"featured_media":3240,"parent":8791,"menu_order":3,"comment_status":"closed","ping_status":"closed","template":"","meta":{"_monsterinsights_skip_tracking":false,"_monsterinsights_sitenote_active":false,"_monsterinsights_sitenote_note":"","_monsterinsights_sitenote_category":0,"footnotes":""},"class_list":["post-3478","page","type-page","status-publish","has-post-thumbnail","hentry"],"yoast_head":"<!-- This site is optimized with the Yoast SEO plugin v27.2 - https:\/\/yoast.com\/product\/yoast-seo-wordpress\/ -->\n<title>Aktionstag 13. Februar 2020 - Dresden WiEdersetzen<\/title>\n<meta name=\"robots\" content=\"index, follow, max-snippet:-1, max-image-preview:large, max-video-preview:-1\" \/>\n<link rel=\"canonical\" href=\"https:\/\/dresden-nazifrei.com\/kampa\/13februar-dresden\/13februar-2020\/aktionstag-13-februar-2020\/\" \/>\n<meta property=\"og:locale\" content=\"de_DE\" \/>\n<meta property=\"og:type\" content=\"article\" \/>\n<meta property=\"og:title\" content=\"Aktionstag 13. Februar 2020 - Dresden WiEdersetzen\" \/>\n<meta property=\"og:description\" content=\"F\u00fcr alle, die noch nicht die Zeit hatten sich umfassender zu Informieren. Der 13.Februar ist der Jahrestag der Bombardierung Dresdens. An diesem Tag ist mit verschiedenen Nazi-Aktivit\u00e4ten zu rechnen. Der als \u201eTrauermarsch\u201c bezeichnete gro\u00dfe&#046;&#046;&#046;\" \/>\n<meta property=\"og:url\" content=\"https:\/\/dresden-nazifrei.com\/kampa\/13februar-dresden\/13februar-2020\/aktionstag-13-februar-2020\/\" \/>\n<meta property=\"og:site_name\" content=\"Dresden WiEdersetzen\" \/>\n<meta property=\"article:publisher\" content=\"https:\/\/www.facebook.com\/dresden.stellt.sich.quer\/\" \/>\n<meta property=\"article:modified_time\" content=\"2022-04-14T14:46:39+00:00\" \/>\n<meta property=\"og:image\" content=\"https:\/\/dresden-nazifrei.com\/kampa\/wp-content\/uploads\/2020\/01\/DD-NF-Web-4-mit-Text.png\" \/>\n\t<meta property=\"og:image:width\" content=\"1366\" \/>\n\t<meta property=\"og:image:height\" content=\"768\" \/>\n\t<meta property=\"og:image:type\" content=\"image\/png\" \/>\n<meta name=\"twitter:card\" content=\"summary_large_image\" \/>\n<meta name=\"twitter:site\" content=\"@dd_nazifrei\" \/>\n<meta name=\"twitter:label1\" content=\"Gesch\u00e4tzte Lesezeit\" \/>\n\t<meta name=\"twitter:data1\" content=\"2\u00a0Minuten\" \/>\n<script type=\"application\/ld+json\" class=\"yoast-schema-graph\">{\"@context\":\"https:\/\/schema.org\",\"@graph\":[{\"@type\":\"WebPage\",\"@id\":\"https:\/\/dresden-nazifrei.com\/kampa\/13februar-dresden\/13februar-2020\/aktionstag-13-februar-2020\/\",\"url\":\"https:\/\/dresden-nazifrei.com\/kampa\/13februar-dresden\/13februar-2020\/aktionstag-13-februar-2020\/\",\"name\":\"Aktionstag 13. Februar 2020 - Dresden WiEdersetzen\",\"isPartOf\":{\"@id\":\"https:\/\/dresden-nazifrei.com\/kampa\/#website\"},\"primaryImageOfPage\":{\"@id\":\"https:\/\/dresden-nazifrei.com\/kampa\/13februar-dresden\/13februar-2020\/aktionstag-13-februar-2020\/#primaryimage\"},\"image\":{\"@id\":\"https:\/\/dresden-nazifrei.com\/kampa\/13februar-dresden\/13februar-2020\/aktionstag-13-februar-2020\/#primaryimage\"},\"thumbnailUrl\":\"https:\/\/dresden-nazifrei.com\/kampa\/wp-content\/uploads\/2020\/01\/DD-NF-Web-4-mit-Text.png\",\"datePublished\":\"2020-02-09T22:51:11+00:00\",\"dateModified\":\"2022-04-14T14:46:39+00:00\",\"breadcrumb\":{\"@id\":\"https:\/\/dresden-nazifrei.com\/kampa\/13februar-dresden\/13februar-2020\/aktionstag-13-februar-2020\/#breadcrumb\"},\"inLanguage\":\"de\",\"potentialAction\":[{\"@type\":\"ReadAction\",\"target\":[\"https:\/\/dresden-nazifrei.com\/kampa\/13februar-dresden\/13februar-2020\/aktionstag-13-februar-2020\/\"]}]},{\"@type\":\"ImageObject\",\"inLanguage\":\"de\",\"@id\":\"https:\/\/dresden-nazifrei.com\/kampa\/13februar-dresden\/13februar-2020\/aktionstag-13-februar-2020\/#primaryimage\",\"url\":\"https:\/\/dresden-nazifrei.com\/kampa\/wp-content\/uploads\/2020\/01\/DD-NF-Web-4-mit-Text.png\",\"contentUrl\":\"https:\/\/dresden-nazifrei.com\/kampa\/wp-content\/uploads\/2020\/01\/DD-NF-Web-4-mit-Text.png\",\"width\":1366,\"height\":768},{\"@type\":\"BreadcrumbList\",\"@id\":\"https:\/\/dresden-nazifrei.com\/kampa\/13februar-dresden\/13februar-2020\/aktionstag-13-februar-2020\/#breadcrumb\",\"itemListElement\":[{\"@type\":\"ListItem\",\"position\":1,\"name\":\"Startseite\",\"item\":\"https:\/\/dresden-nazifrei.com\/kampa\/\"},{\"@type\":\"ListItem\",\"position\":2,\"name\":\"Der 13. Februar in Dresden\",\"item\":\"https:\/\/dresden-nazifrei.com\/kampa\/13februar-dresden\/\"},{\"@type\":\"ListItem\",\"position\":3,\"name\":\"Der 13. Februar 2020\",\"item\":\"https:\/\/dresden-nazifrei.com\/kampa\/13februar-dresden\/13februar-2020\/\"},{\"@type\":\"ListItem\",\"position\":4,\"name\":\"Aktionstag 13. Februar 2020\"}]},{\"@type\":\"WebSite\",\"@id\":\"https:\/\/dresden-nazifrei.com\/kampa\/#website\",\"url\":\"https:\/\/dresden-nazifrei.com\/kampa\/\",\"name\":\"Dresden WiEdersetzen\",\"description\":\"Dresden stellt sich quer\",\"publisher\":{\"@id\":\"https:\/\/dresden-nazifrei.com\/kampa\/#organization\"},\"potentialAction\":[{\"@type\":\"SearchAction\",\"target\":{\"@type\":\"EntryPoint\",\"urlTemplate\":\"https:\/\/dresden-nazifrei.com\/kampa\/?s={search_term_string}\"},\"query-input\":{\"@type\":\"PropertyValueSpecification\",\"valueRequired\":true,\"valueName\":\"search_term_string\"}}],\"inLanguage\":\"de\"},{\"@type\":\"Organization\",\"@id\":\"https:\/\/dresden-nazifrei.com\/kampa\/#organization\",\"name\":\"Dresden Nazifrei\",\"url\":\"https:\/\/dresden-nazifrei.com\/kampa\/\",\"logo\":{\"@type\":\"ImageObject\",\"inLanguage\":\"de\",\"@id\":\"https:\/\/dresden-nazifrei.com\/kampa\/#\/schema\/logo\/image\/\",\"url\":\"https:\/\/dresden-nazifrei.com\/kampa\/wp-content\/uploads\/2021\/03\/Logo-Schwarz-Rot.png\",\"contentUrl\":\"https:\/\/dresden-nazifrei.com\/kampa\/wp-content\/uploads\/2021\/03\/Logo-Schwarz-Rot.png\",\"width\":500,\"height\":500,\"caption\":\"Dresden Nazifrei\"},\"image\":{\"@id\":\"https:\/\/dresden-nazifrei.com\/kampa\/#\/schema\/logo\/image\/\"},\"sameAs\":[\"https:\/\/www.facebook.com\/dresden.stellt.sich.quer\/\",\"https:\/\/x.com\/dd_nazifrei\",\"https:\/\/www.instagram.com\/dd_nazifrei\/\",\"https:\/\/www.youtube.com\/channel\/UC2w1_etudyqY1XziVPgba8Q\"]}]}<\/script>\n<!-- \/ Yoast SEO plugin. -->","yoast_head_json":{"title":"Aktionstag 13. Februar 2020 - Dresden WiEdersetzen","robots":{"index":"index","follow":"follow","max-snippet":"max-snippet:-1","max-image-preview":"max-image-preview:large","max-video-preview":"max-video-preview:-1"},"canonical":"https:\/\/dresden-nazifrei.com\/kampa\/13februar-dresden\/13februar-2020\/aktionstag-13-februar-2020\/","og_locale":"de_DE","og_type":"article","og_title":"Aktionstag 13. Februar 2020 - Dresden WiEdersetzen","og_description":"F\u00fcr alle, die noch nicht die Zeit hatten sich umfassender zu Informieren. Der 13.Februar ist der Jahrestag der Bombardierung Dresdens. An diesem Tag ist mit verschiedenen Nazi-Aktivit\u00e4ten zu rechnen. Der als \u201eTrauermarsch\u201c bezeichnete gro\u00dfe&#46;&#46;&#46;","og_url":"https:\/\/dresden-nazifrei.com\/kampa\/13februar-dresden\/13februar-2020\/aktionstag-13-februar-2020\/","og_site_name":"Dresden WiEdersetzen","article_publisher":"https:\/\/www.facebook.com\/dresden.stellt.sich.quer\/","article_modified_time":"2022-04-14T14:46:39+00:00","og_image":[{"width":1366,"height":768,"url":"https:\/\/dresden-nazifrei.com\/kampa\/wp-content\/uploads\/2020\/01\/DD-NF-Web-4-mit-Text.png","type":"image\/png"}],"twitter_card":"summary_large_image","twitter_site":"@dd_nazifrei","twitter_misc":{"Gesch\u00e4tzte Lesezeit":"2\u00a0Minuten"},"schema":{"@context":"https:\/\/schema.org","@graph":[{"@type":"WebPage","@id":"https:\/\/dresden-nazifrei.com\/kampa\/13februar-dresden\/13februar-2020\/aktionstag-13-februar-2020\/","url":"https:\/\/dresden-nazifrei.com\/kampa\/13februar-dresden\/13februar-2020\/aktionstag-13-februar-2020\/","name":"Aktionstag 13. Februar 2020 - Dresden WiEdersetzen","isPartOf":{"@id":"https:\/\/dresden-nazifrei.com\/kampa\/#website"},"primaryImageOfPage":{"@id":"https:\/\/dresden-nazifrei.com\/kampa\/13februar-dresden\/13februar-2020\/aktionstag-13-februar-2020\/#primaryimage"},"image":{"@id":"https:\/\/dresden-nazifrei.com\/kampa\/13februar-dresden\/13februar-2020\/aktionstag-13-februar-2020\/#primaryimage"},"thumbnailUrl":"https:\/\/dresden-nazifrei.com\/kampa\/wp-content\/uploads\/2020\/01\/DD-NF-Web-4-mit-Text.png","datePublished":"2020-02-09T22:51:11+00:00","dateModified":"2022-04-14T14:46:39+00:00","breadcrumb":{"@id":"https:\/\/dresden-nazifrei.com\/kampa\/13februar-dresden\/13februar-2020\/aktionstag-13-februar-2020\/#breadcrumb"},"inLanguage":"de","potentialAction":[{"@type":"ReadAction","target":["https:\/\/dresden-nazifrei.com\/kampa\/13februar-dresden\/13februar-2020\/aktionstag-13-februar-2020\/"]}]},{"@type":"ImageObject","inLanguage":"de","@id":"https:\/\/dresden-nazifrei.com\/kampa\/13februar-dresden\/13februar-2020\/aktionstag-13-februar-2020\/#primaryimage","url":"https:\/\/dresden-nazifrei.com\/kampa\/wp-content\/uploads\/2020\/01\/DD-NF-Web-4-mit-Text.png","contentUrl":"https:\/\/dresden-nazifrei.com\/kampa\/wp-content\/uploads\/2020\/01\/DD-NF-Web-4-mit-Text.png","width":1366,"height":768},{"@type":"BreadcrumbList","@id":"https:\/\/dresden-nazifrei.com\/kampa\/13februar-dresden\/13februar-2020\/aktionstag-13-februar-2020\/#breadcrumb","itemListElement":[{"@type":"ListItem","position":1,"name":"Startseite","item":"https:\/\/dresden-nazifrei.com\/kampa\/"},{"@type":"ListItem","position":2,"name":"Der 13. Februar in Dresden","item":"https:\/\/dresden-nazifrei.com\/kampa\/13februar-dresden\/"},{"@type":"ListItem","position":3,"name":"Der 13. Februar 2020","item":"https:\/\/dresden-nazifrei.com\/kampa\/13februar-dresden\/13februar-2020\/"},{"@type":"ListItem","position":4,"name":"Aktionstag 13. Februar 2020"}]},{"@type":"WebSite","@id":"https:\/\/dresden-nazifrei.com\/kampa\/#website","url":"https:\/\/dresden-nazifrei.com\/kampa\/","name":"Dresden WiEdersetzen","description":"Dresden stellt sich quer","publisher":{"@id":"https:\/\/dresden-nazifrei.com\/kampa\/#organization"},"potentialAction":[{"@type":"SearchAction","target":{"@type":"EntryPoint","urlTemplate":"https:\/\/dresden-nazifrei.com\/kampa\/?s={search_term_string}"},"query-input":{"@type":"PropertyValueSpecification","valueRequired":true,"valueName":"search_term_string"}}],"inLanguage":"de"},{"@type":"Organization","@id":"https:\/\/dresden-nazifrei.com\/kampa\/#organization","name":"Dresden Nazifrei","url":"https:\/\/dresden-nazifrei.com\/kampa\/","logo":{"@type":"ImageObject","inLanguage":"de","@id":"https:\/\/dresden-nazifrei.com\/kampa\/#\/schema\/logo\/image\/","url":"https:\/\/dresden-nazifrei.com\/kampa\/wp-content\/uploads\/2021\/03\/Logo-Schwarz-Rot.png","contentUrl":"https:\/\/dresden-nazifrei.com\/kampa\/wp-content\/uploads\/2021\/03\/Logo-Schwarz-Rot.png","width":500,"height":500,"caption":"Dresden Nazifrei"},"image":{"@id":"https:\/\/dresden-nazifrei.com\/kampa\/#\/schema\/logo\/image\/"},"sameAs":["https:\/\/www.facebook.com\/dresden.stellt.sich.quer\/","https:\/\/x.com\/dd_nazifrei","https:\/\/www.instagram.com\/dd_nazifrei\/","https:\/\/www.youtube.com\/channel\/UC2w1_etudyqY1XziVPgba8Q"]}]}},"_links":{"self":[{"href":"https:\/\/dresden-nazifrei.com\/kampa\/wp-json\/wp\/v2\/pages\/3478","targetHints":{"allow":["GET"]}}],"collection":[{"href":"https:\/\/dresden-nazifrei.com\/kampa\/wp-json\/wp\/v2\/pages"}],"about":[{"href":"https:\/\/dresden-nazifrei.com\/kampa\/wp-json\/wp\/v2\/types\/page"}],"author":[{"embeddable":true,"href":"https:\/\/dresden-nazifrei.com\/kampa\/wp-json\/wp\/v2\/users\/3"}],"replies":[{"embeddable":true,"href":"https:\/\/dresden-nazifrei.com\/kampa\/wp-json\/wp\/v2\/comments?post=3478"}],"version-history":[{"count":23,"href":"https:\/\/dresden-nazifrei.com\/kampa\/wp-json\/wp\/v2\/pages\/3478\/revisions"}],"predecessor-version":[{"id":3619,"href":"https:\/\/dresden-nazifrei.com\/kampa\/wp-json\/wp\/v2\/pages\/3478\/revisions\/3619"}],"up":[{"embeddable":true,"href":"https:\/\/dresden-nazifrei.com\/kampa\/wp-json\/wp\/v2\/pages\/8791"}],"wp:featuredmedia":[{"embeddable":true,"href":"https:\/\/dresden-nazifrei.com\/kampa\/wp-json\/wp\/v2\/media\/3240"}],"wp:attachment":[{"href":"https:\/\/dresden-nazifrei.com\/kampa\/wp-json\/wp\/v2\/media?parent=3478"}],"curies":[{"name":"wp","href":"https:\/\/api.w.org\/{rel}","templated":true}]}}