{"id":6843,"date":"2022-02-03T11:04:06","date_gmt":"2022-02-03T10:04:06","guid":{"rendered":"https:\/\/dresden-nazifrei.com\/?page_id=6843"},"modified":"2022-06-01T08:51:16","modified_gmt":"2022-06-01T06:51:16","slug":"erinnerungskultur","status":"publish","type":"page","link":"https:\/\/dresden-nazifrei.com\/kampa\/erinnerungskultur\/","title":{"rendered":"Erinnerungskultur"},"content":{"rendered":"\n<h2 class=\"wp-block-heading\" id=\"mahngange-tater-innenspuren-des-bundnis-dresden-nazifrei\">Mahng\u00e4nge T\u00e4ter*innenspuren des B\u00fcndnis Dresden Nazifrei<\/h2>\n\n\n\n<div style=\"height:30px\" aria-hidden=\"true\" class=\"wp-block-spacer\"><\/div>\n\n\n\n<div class=\"wp-block-columns is-layout-flex wp-container-core-columns-is-layout-9d6595d7 wp-block-columns-is-layout-flex\">\n<div class=\"wp-block-column is-layout-flow wp-block-column-is-layout-flow\" style=\"flex-basis:30px\">\n<p><\/p>\n<\/div>\n\n\n\n<div class=\"wp-block-column is-layout-flow wp-block-column-is-layout-flow\" style=\"flex-basis:25%\">\n<ul class=\"wp-block-list\"><li><a href=\"https:\/\/dresden-nazifrei.com\/erinnerungskultur\/mahngang-taeterspuren-2022\/\" target=\"_blank\" rel=\"noreferrer noopener\">Mahngang 2022<\/a><\/li><li><a href=\"https:\/\/dresden-nazifrei.com\/mahngang-taeterspuren-2021\/\">Mahngang 2021<\/a><\/li><li>Mahngang 2020<\/li><li><a href=\"https:\/\/dresden-nazifrei.com\/erinnerungskultur\/mahngang-taeterspuren-2019\/\">Mahngang 2019<\/a><\/li><li><a href=\"https:\/\/dresden-nazifrei.com\/taeterspurenmahngang-10-2-macht-bildung-propaganda\/\" target=\"_blank\" rel=\"noreferrer noopener\">Mahngang 2018<\/a><\/li><li><a href=\"https:\/\/dresden-nazifrei.com\/erinnerungskultur\/mahngang-taeterspuren-2017\/\" target=\"_blank\" rel=\"noreferrer noopener\">Mahngang 2017<\/a><\/li><li><a href=\"https:\/\/archiv.dresden-nazifrei.com\/indexf23d.html?option=com_content&amp;view=article&amp;id=833:texte-mt-2016&amp;catid=42&amp;Itemid=78&amp;lang=de\" target=\"_blank\" rel=\"noreferrer noopener\">Mahngang 2016<\/a><\/li><li><a href=\"https:\/\/archiv.dresden-nazifrei.com\/index9e3d.html?option=com_content&amp;view=article&amp;id=690:aktuell-wie-nie-mahngang-taeterspuren-2015&amp;catid=42&amp;Itemid=78&amp;lang=de\" target=\"_blank\" rel=\"noreferrer noopener\">Mahngang 2015<\/a><\/li><li><a href=\"https:\/\/archiv.dresden-nazifrei.com\/index0651.html?option=com_content&amp;view=article&amp;id=643:kennen-sie-ihre-stadt-taeterspuren-2014&amp;catid=42&amp;Itemid=78&amp;lang=de\" target=\"_blank\" rel=\"noreferrer noopener\">Mahngang 2014<\/a><\/li><li><a href=\"https:\/\/archiv.dresden-nazifrei.com\/index58c8.html?option=com_content&amp;view=article&amp;id=414:ankuendigung-rundgang-qtaeterspurenq13&amp;catid=42&amp;Itemid=78&amp;lang=de\" target=\"_blank\" rel=\"noreferrer noopener\">Mahngang 2013<\/a><\/li><li><a href=\"https:\/\/archiv.dresden-nazifrei.com\/index5a0f.html?option=com_content&amp;view=article&amp;id=286:ankuendigung-rundgang-qtaeterspurenq&amp;catid=42&amp;Itemid=78&amp;lang=de\" target=\"_blank\" rel=\"noreferrer noopener\">Mahngang 2012<\/a><\/li><li><a href=\"https:\/\/archiv.dresden-nazifrei.com\/indexb1ce.html?option=com_content&amp;view=article&amp;id=156:die-ignoranz-der-stadt-werden-wir-nicht-hinnehmen&amp;catid=58&amp;Itemid=88&amp;lang=de\" target=\"_blank\" rel=\"noreferrer noopener\">Mahngang 2011<\/a><\/li><\/ul>\n<\/div>\n\n\n\n<div class=\"wp-block-column is-layout-flow wp-block-column-is-layout-flow\" style=\"flex-basis:66.66%\">\n<div style=\"height:70px\" aria-hidden=\"true\" class=\"wp-block-spacer\"><\/div>\n\n\n\n<figure class=\"wp-block-gallery has-nested-images columns-2 is-cropped wp-block-gallery-1 is-layout-flex wp-block-gallery-is-layout-flex\">\n<figure class=\"wp-block-image size-large\"><a href=\"https:\/\/dresden-nazifrei.com\/kampa\/wp-content\/uploads\/2022\/01\/Flyer-Mahngang-2022-Vorderseite.png\"><img loading=\"lazy\" decoding=\"async\" width=\"1024\" height=\"687\" data-id=\"6754\" src=\"https:\/\/dresden-nazifrei.com\/kampa\/wp-content\/uploads\/2022\/01\/Flyer-Mahngang-2022-Vorderseite-1024x687.png\" alt=\"Vorderseite des Flyers zum Mahngang T\u00e4ter*innenspuren 2022 in Dresden\" class=\"wp-image-6754\" srcset=\"https:\/\/dresden-nazifrei.com\/kampa\/wp-content\/uploads\/2022\/01\/Flyer-Mahngang-2022-Vorderseite-1024x687.png 1024w, https:\/\/dresden-nazifrei.com\/kampa\/wp-content\/uploads\/2022\/01\/Flyer-Mahngang-2022-Vorderseite-300x201.png 300w, https:\/\/dresden-nazifrei.com\/kampa\/wp-content\/uploads\/2022\/01\/Flyer-Mahngang-2022-Vorderseite-150x101.png 150w, https:\/\/dresden-nazifrei.com\/kampa\/wp-content\/uploads\/2022\/01\/Flyer-Mahngang-2022-Vorderseite-768x515.png 768w, https:\/\/dresden-nazifrei.com\/kampa\/wp-content\/uploads\/2022\/01\/Flyer-Mahngang-2022-Vorderseite-1536x1030.png 1536w, https:\/\/dresden-nazifrei.com\/kampa\/wp-content\/uploads\/2022\/01\/Flyer-Mahngang-2022-Vorderseite.png 1581w\" sizes=\"auto, (max-width: 1024px) 100vw, 1024px\" \/><\/a><\/figure>\n\n\n\n<figure class=\"wp-block-image size-large\"><a href=\"https:\/\/dresden-nazifrei.com\/kampa\/wp-content\/uploads\/2022\/01\/Flyer-Mahngang-2022-Rueckseite.png\"><img loading=\"lazy\" decoding=\"async\" width=\"1024\" height=\"687\" data-id=\"6755\" src=\"https:\/\/dresden-nazifrei.com\/kampa\/wp-content\/uploads\/2022\/01\/Flyer-Mahngang-2022-Rueckseite-1024x687.png\" alt=\"R\u00fcckseite des Flyers zum Mahngang T\u00e4ter*innenspuren 2022 in Dresden mit der Beschreibung der sechs Stationen.\" class=\"wp-image-6755\" srcset=\"https:\/\/dresden-nazifrei.com\/kampa\/wp-content\/uploads\/2022\/01\/Flyer-Mahngang-2022-Rueckseite-1024x687.png 1024w, https:\/\/dresden-nazifrei.com\/kampa\/wp-content\/uploads\/2022\/01\/Flyer-Mahngang-2022-Rueckseite-300x201.png 300w, https:\/\/dresden-nazifrei.com\/kampa\/wp-content\/uploads\/2022\/01\/Flyer-Mahngang-2022-Rueckseite-150x101.png 150w, https:\/\/dresden-nazifrei.com\/kampa\/wp-content\/uploads\/2022\/01\/Flyer-Mahngang-2022-Rueckseite-768x515.png 768w, https:\/\/dresden-nazifrei.com\/kampa\/wp-content\/uploads\/2022\/01\/Flyer-Mahngang-2022-Rueckseite-1536x1030.png 1536w, https:\/\/dresden-nazifrei.com\/kampa\/wp-content\/uploads\/2022\/01\/Flyer-Mahngang-2022-Rueckseite.png 1576w\" sizes=\"auto, (max-width: 1024px) 100vw, 1024px\" \/><\/a><\/figure>\n<figcaption class=\"blocks-gallery-caption\">Flyer des Mahngangs 2022<\/figcaption><\/figure>\n<\/div>\n\n\n\n<div class=\"wp-block-column is-layout-flow wp-block-column-is-layout-flow\" style=\"flex-basis:70px\">\n<p><\/p>\n<\/div>\n<\/div>\n\n\n\n<hr class=\"wp-block-separator\"\/>\n\n\n\n<h2 class=\"wp-block-heading\" id=\"gedenkplatze-in-sachsen\">Gedenkpl\u00e4tze in Sachsen<\/h2>\n\n\n\n<div style=\"height:30px\" aria-hidden=\"true\" class=\"wp-block-spacer\"><\/div>\n\n\n\n<div class=\"wp-block-columns is-layout-flex wp-container-core-columns-is-layout-9d6595d7 wp-block-columns-is-layout-flex\">\n<div class=\"wp-block-column is-layout-flow wp-block-column-is-layout-flow\">\n<figure class=\"wp-block-image size-full\"><a href=\"https:\/\/www.gedenkplaetze.info\/entdecken\" target=\"_blank\" rel=\"noopener\"><img loading=\"lazy\" decoding=\"async\" width=\"687\" height=\"489\" src=\"https:\/\/dresden-nazifrei.com\/kampa\/wp-content\/uploads\/2022\/03\/GedenkplaetzeInfoRand.png\" alt=\"Thumbnail der Karte von Sachsen mit Gedenkpl\u00e4tzen\" class=\"wp-image-8637\" srcset=\"https:\/\/dresden-nazifrei.com\/kampa\/wp-content\/uploads\/2022\/03\/GedenkplaetzeInfoRand.png 687w, https:\/\/dresden-nazifrei.com\/kampa\/wp-content\/uploads\/2022\/03\/GedenkplaetzeInfoRand-300x214.png 300w, https:\/\/dresden-nazifrei.com\/kampa\/wp-content\/uploads\/2022\/03\/GedenkplaetzeInfoRand-150x107.png 150w\" sizes=\"auto, (max-width: 687px) 100vw, 687px\" \/><\/a><\/figure>\n<\/div>\n\n\n\n<div class=\"wp-block-column is-vertically-aligned-center is-layout-flow wp-block-column-is-layout-flow\" style=\"flex-basis:510px\">\n<p><a href=\"https:\/\/www.gedenkplaetze.info\/entdecken\">\u201eGedenkpl\u00e4tze\u201c ist ein Dokumentations- und Erinnerungsprojekt zu den Machenschaften und Gr\u00e4ueltaten des Nationalsozialismus in Sachsen.<\/a><\/p>\n\n\n\n<p>Es wird als Gemeinschaftsprojekt des <a href=\"https:\/\/www.gedenkplaetze.info\/akteur\/akubiz-e-v-pirna\" target=\"_blank\" rel=\"noreferrer noopener\">AKuBiZ e.V.<\/a>, des <a href=\"https:\/\/www.gedenkplaetze.info\/akteur\/erich-zeigner-haus-e-v\">Erich-Zeigner-Haus e.V.<\/a> und der <a href=\"https:\/\/www.gedenkplaetze.info\/akteur\/taeter-innenspuren-dresden\" target=\"_blank\" rel=\"noreferrer noopener\">AG Erinnerungskultur von Dresden Nazifrei<\/a> umgesetzt.<\/p>\n<\/div>\n<\/div>\n\n\n\n<hr class=\"wp-block-separator\"\/>\n\n\n\n<p><strong>1933 \u2013 Folterkeller im Wohnquartier<\/strong> &#8211; <a href=\"https:\/\/www.daserste.de\/information\/reportage-dokumentation\/geschichte-im-ersten\/videos\/folterkeller-im-wohnquartier-die-fruehen-kzs-1933-video-100.html\" target=\"_blank\" rel=\"noreferrer noopener\">eindr\u00fcckliche Video-Reportage \u00fcber den fr\u00fchen Terror unmittelbar nach der Macht\u00fcbernahme und die Vorform der ersten Konzentrationslager mitten in Wohngebieten<\/a><\/p>\n","protected":false},"excerpt":{"rendered":"<p>Mahng\u00e4nge T\u00e4ter*innenspuren des B\u00fcndnis Dresden Nazifrei Mahngang 2022 Mahngang 2021 Mahngang 2020 Mahngang 2019 Mahngang 2018 Mahngang 2017 Mahngang 2016 Mahngang 2015 Mahngang 2014 Mahngang 2013 Mahngang 2012 Mahngang 2011 Gedenkpl\u00e4tze in Sachsen \u201eGedenkpl\u00e4tze\u201c&#46;&#46;&#46;<\/p>\n","protected":false},"author":3,"featured_media":0,"parent":0,"menu_order":8,"comment_status":"closed","ping_status":"closed","template":"","meta":{"_monsterinsights_skip_tracking":false,"_monsterinsights_sitenote_active":false,"_monsterinsights_sitenote_note":"","_monsterinsights_sitenote_category":0,"footnotes":""},"class_list":["post-6843","page","type-page","status-publish","hentry"],"yoast_head":"<!-- This site is optimized with the Yoast SEO plugin v27.2 - https:\/\/yoast.com\/product\/yoast-seo-wordpress\/ -->\n<title>Erinnerungskultur - Dresden WiEdersetzen<\/title>\n<meta name=\"description\" content=\"Auf dieser Seite finden Sie eine \u00dcbersicht \u00fcber alle unsere Mahng\u00e4nge zum 13. Februar, die die Spuren der T\u00e4ter*innen in Dresden aufzeigen.\" \/>\n<meta name=\"robots\" content=\"index, follow, max-snippet:-1, max-image-preview:large, max-video-preview:-1\" \/>\n<link rel=\"canonical\" href=\"https:\/\/dresden-nazifrei.com\/kampa\/erinnerungskultur\/\" \/>\n<meta property=\"og:locale\" content=\"de_DE\" \/>\n<meta property=\"og:type\" content=\"article\" \/>\n<meta property=\"og:title\" content=\"Erinnerungskultur - Dresden WiEdersetzen\" \/>\n<meta property=\"og:description\" content=\"Auf dieser Seite finden Sie eine \u00dcbersicht \u00fcber alle unsere Mahng\u00e4nge zum 13. Februar, die die Spuren der T\u00e4ter*innen in Dresden aufzeigen.\" \/>\n<meta property=\"og:url\" content=\"https:\/\/dresden-nazifrei.com\/kampa\/erinnerungskultur\/\" \/>\n<meta property=\"og:site_name\" content=\"Dresden WiEdersetzen\" \/>\n<meta property=\"article:publisher\" content=\"https:\/\/www.facebook.com\/dresden.stellt.sich.quer\/\" \/>\n<meta property=\"article:modified_time\" content=\"2022-06-01T06:51:16+00:00\" \/>\n<meta property=\"og:image\" content=\"https:\/\/dresden-nazifrei.com\/kampa\/wp-content\/uploads\/2022\/01\/Flyer-Mahngang-2022-Vorderseite-1024x687.png\" \/>\n<meta name=\"twitter:card\" content=\"summary_large_image\" \/>\n<meta name=\"twitter:site\" content=\"@dd_nazifrei\" \/>\n<meta name=\"twitter:label1\" content=\"Gesch\u00e4tzte Lesezeit\" \/>\n\t<meta name=\"twitter:data1\" content=\"2\u00a0Minuten\" \/>\n<script type=\"application\/ld+json\" class=\"yoast-schema-graph\">{\"@context\":\"https:\/\/schema.org\",\"@graph\":[{\"@type\":\"WebPage\",\"@id\":\"https:\/\/dresden-nazifrei.com\/kampa\/erinnerungskultur\/\",\"url\":\"https:\/\/dresden-nazifrei.com\/kampa\/erinnerungskultur\/\",\"name\":\"Erinnerungskultur - Dresden WiEdersetzen\",\"isPartOf\":{\"@id\":\"https:\/\/dresden-nazifrei.com\/kampa\/#website\"},\"primaryImageOfPage\":{\"@id\":\"https:\/\/dresden-nazifrei.com\/kampa\/erinnerungskultur\/#primaryimage\"},\"image\":{\"@id\":\"https:\/\/dresden-nazifrei.com\/kampa\/erinnerungskultur\/#primaryimage\"},\"thumbnailUrl\":\"https:\/\/dresden-nazifrei.com\/kampa\/wp-content\/uploads\/2022\/01\/Flyer-Mahngang-2022-Vorderseite-1024x687.png\",\"datePublished\":\"2022-02-03T10:04:06+00:00\",\"dateModified\":\"2022-06-01T06:51:16+00:00\",\"description\":\"Auf dieser Seite finden Sie eine \u00dcbersicht \u00fcber alle unsere Mahng\u00e4nge zum 13. Februar, die die Spuren der T\u00e4ter*innen in Dresden aufzeigen.\",\"breadcrumb\":{\"@id\":\"https:\/\/dresden-nazifrei.com\/kampa\/erinnerungskultur\/#breadcrumb\"},\"inLanguage\":\"de\",\"potentialAction\":[{\"@type\":\"ReadAction\",\"target\":[\"https:\/\/dresden-nazifrei.com\/kampa\/erinnerungskultur\/\"]}]},{\"@type\":\"ImageObject\",\"inLanguage\":\"de\",\"@id\":\"https:\/\/dresden-nazifrei.com\/kampa\/erinnerungskultur\/#primaryimage\",\"url\":\"https:\/\/dresden-nazifrei.com\/kampa\/wp-content\/uploads\/2022\/01\/Flyer-Mahngang-2022-Vorderseite.png\",\"contentUrl\":\"https:\/\/dresden-nazifrei.com\/kampa\/wp-content\/uploads\/2022\/01\/Flyer-Mahngang-2022-Vorderseite.png\",\"width\":1581,\"height\":1060,\"caption\":\"Vorderseite des Flyers zum Mahngang T\u00e4ter*innenspuren 2022 in Dresden\"},{\"@type\":\"BreadcrumbList\",\"@id\":\"https:\/\/dresden-nazifrei.com\/kampa\/erinnerungskultur\/#breadcrumb\",\"itemListElement\":[{\"@type\":\"ListItem\",\"position\":1,\"name\":\"Startseite\",\"item\":\"https:\/\/dresden-nazifrei.com\/kampa\/\"},{\"@type\":\"ListItem\",\"position\":2,\"name\":\"Erinnerungskultur\"}]},{\"@type\":\"WebSite\",\"@id\":\"https:\/\/dresden-nazifrei.com\/kampa\/#website\",\"url\":\"https:\/\/dresden-nazifrei.com\/kampa\/\",\"name\":\"Dresden WiEdersetzen\",\"description\":\"Dresden stellt sich quer\",\"publisher\":{\"@id\":\"https:\/\/dresden-nazifrei.com\/kampa\/#organization\"},\"potentialAction\":[{\"@type\":\"SearchAction\",\"target\":{\"@type\":\"EntryPoint\",\"urlTemplate\":\"https:\/\/dresden-nazifrei.com\/kampa\/?s={search_term_string}\"},\"query-input\":{\"@type\":\"PropertyValueSpecification\",\"valueRequired\":true,\"valueName\":\"search_term_string\"}}],\"inLanguage\":\"de\"},{\"@type\":\"Organization\",\"@id\":\"https:\/\/dresden-nazifrei.com\/kampa\/#organization\",\"name\":\"Dresden Nazifrei\",\"url\":\"https:\/\/dresden-nazifrei.com\/kampa\/\",\"logo\":{\"@type\":\"ImageObject\",\"inLanguage\":\"de\",\"@id\":\"https:\/\/dresden-nazifrei.com\/kampa\/#\/schema\/logo\/image\/\",\"url\":\"https:\/\/dresden-nazifrei.com\/kampa\/wp-content\/uploads\/2021\/03\/Logo-Schwarz-Rot.png\",\"contentUrl\":\"https:\/\/dresden-nazifrei.com\/kampa\/wp-content\/uploads\/2021\/03\/Logo-Schwarz-Rot.png\",\"width\":500,\"height\":500,\"caption\":\"Dresden Nazifrei\"},\"image\":{\"@id\":\"https:\/\/dresden-nazifrei.com\/kampa\/#\/schema\/logo\/image\/\"},\"sameAs\":[\"https:\/\/www.facebook.com\/dresden.stellt.sich.quer\/\",\"https:\/\/x.com\/dd_nazifrei\",\"https:\/\/www.instagram.com\/dd_nazifrei\/\",\"https:\/\/www.youtube.com\/channel\/UC2w1_etudyqY1XziVPgba8Q\"]}]}<\/script>\n<!-- \/ Yoast SEO plugin. -->","yoast_head_json":{"title":"Erinnerungskultur - Dresden WiEdersetzen","description":"Auf dieser Seite finden Sie eine \u00dcbersicht \u00fcber alle unsere Mahng\u00e4nge zum 13. Februar, die die Spuren der T\u00e4ter*innen in Dresden aufzeigen.","robots":{"index":"index","follow":"follow","max-snippet":"max-snippet:-1","max-image-preview":"max-image-preview:large","max-video-preview":"max-video-preview:-1"},"canonical":"https:\/\/dresden-nazifrei.com\/kampa\/erinnerungskultur\/","og_locale":"de_DE","og_type":"article","og_title":"Erinnerungskultur - Dresden WiEdersetzen","og_description":"Auf dieser Seite finden Sie eine \u00dcbersicht \u00fcber alle unsere Mahng\u00e4nge zum 13. Februar, die die Spuren der T\u00e4ter*innen in Dresden aufzeigen.","og_url":"https:\/\/dresden-nazifrei.com\/kampa\/erinnerungskultur\/","og_site_name":"Dresden WiEdersetzen","article_publisher":"https:\/\/www.facebook.com\/dresden.stellt.sich.quer\/","article_modified_time":"2022-06-01T06:51:16+00:00","og_image":[{"url":"https:\/\/dresden-nazifrei.com\/kampa\/wp-content\/uploads\/2022\/01\/Flyer-Mahngang-2022-Vorderseite-1024x687.png","type":"","width":"","height":""}],"twitter_card":"summary_large_image","twitter_site":"@dd_nazifrei","twitter_misc":{"Gesch\u00e4tzte Lesezeit":"2\u00a0Minuten"},"schema":{"@context":"https:\/\/schema.org","@graph":[{"@type":"WebPage","@id":"https:\/\/dresden-nazifrei.com\/kampa\/erinnerungskultur\/","url":"https:\/\/dresden-nazifrei.com\/kampa\/erinnerungskultur\/","name":"Erinnerungskultur - Dresden WiEdersetzen","isPartOf":{"@id":"https:\/\/dresden-nazifrei.com\/kampa\/#website"},"primaryImageOfPage":{"@id":"https:\/\/dresden-nazifrei.com\/kampa\/erinnerungskultur\/#primaryimage"},"image":{"@id":"https:\/\/dresden-nazifrei.com\/kampa\/erinnerungskultur\/#primaryimage"},"thumbnailUrl":"https:\/\/dresden-nazifrei.com\/kampa\/wp-content\/uploads\/2022\/01\/Flyer-Mahngang-2022-Vorderseite-1024x687.png","datePublished":"2022-02-03T10:04:06+00:00","dateModified":"2022-06-01T06:51:16+00:00","description":"Auf dieser Seite finden Sie eine \u00dcbersicht \u00fcber alle unsere Mahng\u00e4nge zum 13. Februar, die die Spuren der T\u00e4ter*innen in Dresden aufzeigen.","breadcrumb":{"@id":"https:\/\/dresden-nazifrei.com\/kampa\/erinnerungskultur\/#breadcrumb"},"inLanguage":"de","potentialAction":[{"@type":"ReadAction","target":["https:\/\/dresden-nazifrei.com\/kampa\/erinnerungskultur\/"]}]},{"@type":"ImageObject","inLanguage":"de","@id":"https:\/\/dresden-nazifrei.com\/kampa\/erinnerungskultur\/#primaryimage","url":"https:\/\/dresden-nazifrei.com\/kampa\/wp-content\/uploads\/2022\/01\/Flyer-Mahngang-2022-Vorderseite.png","contentUrl":"https:\/\/dresden-nazifrei.com\/kampa\/wp-content\/uploads\/2022\/01\/Flyer-Mahngang-2022-Vorderseite.png","width":1581,"height":1060,"caption":"Vorderseite des Flyers zum Mahngang T\u00e4ter*innenspuren 2022 in Dresden"},{"@type":"BreadcrumbList","@id":"https:\/\/dresden-nazifrei.com\/kampa\/erinnerungskultur\/#breadcrumb","itemListElement":[{"@type":"ListItem","position":1,"name":"Startseite","item":"https:\/\/dresden-nazifrei.com\/kampa\/"},{"@type":"ListItem","position":2,"name":"Erinnerungskultur"}]},{"@type":"WebSite","@id":"https:\/\/dresden-nazifrei.com\/kampa\/#website","url":"https:\/\/dresden-nazifrei.com\/kampa\/","name":"Dresden WiEdersetzen","description":"Dresden stellt sich quer","publisher":{"@id":"https:\/\/dresden-nazifrei.com\/kampa\/#organization"},"potentialAction":[{"@type":"SearchAction","target":{"@type":"EntryPoint","urlTemplate":"https:\/\/dresden-nazifrei.com\/kampa\/?s={search_term_string}"},"query-input":{"@type":"PropertyValueSpecification","valueRequired":true,"valueName":"search_term_string"}}],"inLanguage":"de"},{"@type":"Organization","@id":"https:\/\/dresden-nazifrei.com\/kampa\/#organization","name":"Dresden Nazifrei","url":"https:\/\/dresden-nazifrei.com\/kampa\/","logo":{"@type":"ImageObject","inLanguage":"de","@id":"https:\/\/dresden-nazifrei.com\/kampa\/#\/schema\/logo\/image\/","url":"https:\/\/dresden-nazifrei.com\/kampa\/wp-content\/uploads\/2021\/03\/Logo-Schwarz-Rot.png","contentUrl":"https:\/\/dresden-nazifrei.com\/kampa\/wp-content\/uploads\/2021\/03\/Logo-Schwarz-Rot.png","width":500,"height":500,"caption":"Dresden Nazifrei"},"image":{"@id":"https:\/\/dresden-nazifrei.com\/kampa\/#\/schema\/logo\/image\/"},"sameAs":["https:\/\/www.facebook.com\/dresden.stellt.sich.quer\/","https:\/\/x.com\/dd_nazifrei","https:\/\/www.instagram.com\/dd_nazifrei\/","https:\/\/www.youtube.com\/channel\/UC2w1_etudyqY1XziVPgba8Q"]}]}},"_links":{"self":[{"href":"https:\/\/dresden-nazifrei.com\/kampa\/wp-json\/wp\/v2\/pages\/6843","targetHints":{"allow":["GET"]}}],"collection":[{"href":"https:\/\/dresden-nazifrei.com\/kampa\/wp-json\/wp\/v2\/pages"}],"about":[{"href":"https:\/\/dresden-nazifrei.com\/kampa\/wp-json\/wp\/v2\/types\/page"}],"author":[{"embeddable":true,"href":"https:\/\/dresden-nazifrei.com\/kampa\/wp-json\/wp\/v2\/users\/3"}],"replies":[{"embeddable":true,"href":"https:\/\/dresden-nazifrei.com\/kampa\/wp-json\/wp\/v2\/comments?post=6843"}],"version-history":[{"count":37,"href":"https:\/\/dresden-nazifrei.com\/kampa\/wp-json\/wp\/v2\/pages\/6843\/revisions"}],"predecessor-version":[{"id":8873,"href":"https:\/\/dresden-nazifrei.com\/kampa\/wp-json\/wp\/v2\/pages\/6843\/revisions\/8873"}],"wp:attachment":[{"href":"https:\/\/dresden-nazifrei.com\/kampa\/wp-json\/wp\/v2\/media?parent=6843"}],"curies":[{"name":"wp","href":"https:\/\/api.w.org\/{rel}","templated":true}]}}