{"id":702,"date":"2019-02-08T10:33:15","date_gmt":"2019-02-08T09:33:15","guid":{"rendered":"http:\/\/dresden-nazifrei.com\/?page_id=702"},"modified":"2022-03-03T18:00:51","modified_gmt":"2022-03-03T17:00:51","slug":"mahngang-taeterspuren-2019-deutsch","status":"publish","type":"page","link":"https:\/\/dresden-nazifrei.com\/kampa\/erinnerungskultur\/mahngang-taeterspuren-2019\/mahngang-taeterspuren-2019-deutsch\/","title":{"rendered":"Mahngang T\u00e4terspuren 2019 &#8211; deutsch"},"content":{"rendered":"<h1>R\u00fcstungsindustrie und Zwangsarbeit im nationalsozialistischen Dresden<\/h1>\n<p align=\"JUSTIFY\">Die nationalsozialistische \u201e\u00d6konomie der Zerst\u00f6rung\u201c verwandelte Dresden in eine bedeutende R\u00fcstungsproduktionsst\u00e4tte zur Entfesselung, Intensivierung und Fortf\u00fchrung des Zweiten Weltkriegs. Bereits 1934 setzte die systematische Heranziehung von Firmen zur Vorbereitung eines geplanten Angriffskriegs ein. \u00dcber 240 \u00f6rtliche Unternehmen und Betriebe waren schlie\u00dflich unmittelbar am R\u00fcstungsprogramm beteiligt. Enteignung und Ausbeutung durch millionenfache von gefangenen Menschen geleistete Zwangsarbeit waren dabei entscheidende S\u00e4ulen nationalsozialistischer Wirtschafts- und Vernichtungspraxis.&nbsp;Der Mahngang weist anhand von sechs Stationen konkrete Dresdner Orte und Akteur*innen der nationalsozialistischen Kriegswirtschaft auf, die die Legende der \u201eunschuldigen Kunststadt\u201c widerlegen.<\/p>\n<p align=\"JUSTIFY\">Studierende des Instituts f\u00fcr Geschichte an der TU Dresden haben die Texte erarbeitet, die von Schauspieler*innen gelesen werden.<\/p>\n<p>In Kooperation mit:<br \/>\n<a href=\"http:\/\/www.zentralwerk.de\/wordpress\/start\/\" target=\"_blank\" rel=\"noopener noreferrer\">Kulturverein Zentralwerk e.V.<\/a><br \/>\n<a href=\"https:\/\/tu-dresden.de\/gsw\/phil\/ige\" target=\"_blank\" rel=\"noopener noreferrer\">Institut f\u00fcr Geschichte<\/a>, TU Dresden<br \/>\n<a href=\"https:\/\/www.staatsschauspiel-dresden.de\/\" target=\"_blank\" rel=\"noopener noreferrer\">Staatsschauspiel Dresden<\/a><br \/>\nStadtrundgang <a href=\"http:\/\/www.audioscript.net\" target=\"_blank\" rel=\"noopener noreferrer\">audioscript<\/a><\/p>\n<p>Gef\u00f6rdert von:<br \/>\nLandeshauptstadt Dresden \u2013 Amt f\u00fcr Kultur und Denkmalschutz<\/p>\n<h2><a href=\"https:\/\/dresden-nazifrei.com\/erinnerungskultur\/mahngang-taeterspuren-2019\/mahngang-taeterspuren-2019-deutsch\/station-1-grossenhainer-platz\/\">Station 1 \u2013 Der G\u00fcterbahnhof Neustadt \u2013 Drehkreuz f\u00fcr R\u00fcstungsg\u00fcter, Deportationen, und Zwangsarbeiter<\/a><\/h2>\n<p align=\"JUSTIFY\">Der G\u00fcterbahnhof Dresden-Neustadt markiert einen zentralen Knotenpunkt f\u00fcr den Transport r\u00fcstungsrelevanter Rohstoffe und G\u00fcter, die in den \u00fcber 240 Dresdner Unternehmen weiterverarbeitet oder hergestellt wurden. Dar\u00fcber hinaus war dieser Ort zwischen 1942 und 1944 Ausgangspunkt oder Zwischenstation f\u00fcr Deportationen. Von hier aus wurden J\u00fcdinnen und Juden mit Z\u00fcgen der Deutschen Reichsbahn nach Riga, Theresienstadt und Auschwitz-Birkenau sowie in andere Ghettos und Vernichtungslager in Osteuropa deportiert.<\/p>\n<h3 align=\"JUSTIFY\"><a href=\"https:\/\/dresden-nazifrei.com\/erinnerungskultur\/mahngang-taeterspuren-2019\/mahngang-taeterspuren-2019-deutsch\/zwischenstation-grossenhainer-platz\/\">Zwischenstation &#8211;&nbsp;Zwangsarbeit im NS, Hintergr\u00fcnde zu Dresden als Stadt der R\u00fcstungsindustrie und Zwangs\u00f6konomie<\/a><\/h3>\n<h2><a href=\"https:\/\/dresden-nazifrei.com\/erinnerungskultur\/mahngang-taeterspuren-2019\/mahngang-taeterspuren-2019-deutsch\/station-2-grossenhainer-strasse-130132\/\">Station 2 \u2013 Enteignung j\u00fcdischen Besitzes am Beispiel des Unternehmens Rheostat<\/a><\/h2>\n<p align=\"JUSTIFY\">Der Begriff \u201eArisierung\u201c bezeichnet den millionenfachen Raub j\u00fcdischen Eigentums durch deutsche Firmen und Unternehmer*innen mit Hilfe der NS-Verwaltung. Ein Beispiel f\u00fcr die Enteignung von j\u00fcdischen Unternehmen ist die Firma Rheostat, die der Familie Kussy geh\u00f6rte. Sie mussten ihr Unternehmen f\u00fcr einen l\u00e4cherlichen Preis verkaufen und 1939 fliehen.<\/p>\n<h2><a href=\"https:\/\/dresden-nazifrei.com\/erinnerungskultur\/mahngang-taeterspuren-2019\/mahngang-taeterspuren-2019-deutsch\/station-3-heidestrasse-2\/\">Station 3 \u2013 Zwangsarbeit im Goehlewerk<\/a><\/h2>\n<p align=\"JUSTIFY\">Dresdner J\u00fcdinnen und Juden fertigten im Goehlewerk der Zeiss Ikon AG von 1941 bis 1943 in Zwangsarbeit Munition und Waffenteile. Ab 1944 mussten Zwangsarbeiterinnen aus den Konzentrationslagern Ravensbr\u00fcck und Auschwitz-Birkenau diese Arbeiten verrichten. Die Bedingungen waren unmenschlich: Zw\u00f6lf-Stunden-Schichten ohne Pause, Mangelern\u00e4hrung und Schikanen bestimmten den Arbeitsalltag. Das Goehlewerk steht damit als Ort f\u00fcr Ausgrenzung und die \u00f6konomische Ausbeutung von Menschen im Nationalsozialismus.<\/p>\n<h2><a href=\"https:\/\/dresden-nazifrei.com\/erinnerungskultur\/mahngang-taeterspuren-2019\/mahngang-taeterspuren-2019-deutsch\/station-4-heidestrasse-2\/\">Station 4 \u2013 Bauen f\u00fcr den Krieg: Das Goehlewerk zwischen Industriearchitektur und Heimatschutz<\/a><\/h2>\n<p align=\"JUSTIFY\">Bau und Konstruktion des Goehlewerks war bestimmt durch die beiden Professoren der TH Dresden Emil H\u00f6gg und Georg R\u00fcth. Der Architekt und der Bauingenieur bewegten sich zwischen technisch-innovativem und nationalsozialistischem Denken innerhalb der Diktatur. Das Beispiel zeigt Handlungsspielr\u00e4ume \u200btechnischer Eliten \u200bund deren Verwicklung in die Kriegs- und R\u00fcstungswirtschaft auf. Es thematisiert gleichzeitig die Verbindung von Architektur und Technik mit rassistischen und v\u00f6lkischen Ideen im \u201eHeimatschutz\u201c-Gedanken.<\/p>\n<h2><a href=\"https:\/\/dresden-nazifrei.com\/erinnerungskultur\/mahngang-taeterspuren-2019\/mahngang-taeterspuren-2019-deutsch\/station-5-heidestrasse-2-c\/\">Station 5 \u2013 Der Arbeitsweg der j\u00fcdischen Zwangsarbeiter*innen<\/a><\/h2>\n<p align=\"JUSTIFY\">Im Winter 1942\/43 mussten diejenigen j\u00fcdischen Menschen, die am Hellerberg interniert waren, t\u00e4glich den Arbeitsweg zum Goehlewerk zu Fu\u00df zur\u00fccklegen. \u00dcbergriffe durch die Zivilbev\u00f6lkerung waren an der Tagesordnung. An diesem Arbeitsweg lassen sich die Phasen der Judenverfolgung und deren konkrete Auswirkungen auf die Menschen nachsp\u00fcren.<\/p>\n<h2><a href=\"https:\/\/dresden-nazifrei.com\/erinnerungskultur\/mahngang-taeterspuren-2019\/mahngang-taeterspuren-2019-deutsch\/station-6-hammerweg\/\">Station 6 \u2013 Das Judenlager Hellerberg<\/a><\/h2>\n<p align=\"JUSTIFY\">Das Judenlager Hellerberg bestand von November 1942 bis M\u00e4rz 1943. In dieser Zeit lebten hier etwa 280 Menschen. Sie geh\u00f6rten zu den letzten J\u00fcdinnen und Juden aus Dresden, die noch nicht deportiert worden waren. Das Lager war in Selbstverwaltung organisiert, die Insassen mussten jedoch Kosten f\u00fcr Miete und Lebensmittel an das Unternehmen Zeiss-Ikon zahlen. Sie wurden im M\u00e4rz 1943 nach Auschwitz-Birkenau deportiert. Nur zehn Menschen aus dem Hellerberger Lager erlebten 1945 die Befreiung des Konzentrationslagers.<\/p>\n","protected":false},"excerpt":{"rendered":"<p>R\u00fcstungsindustrie und Zwangsarbeit im nationalsozialistischen Dresden Die nationalsozialistische \u201e\u00d6konomie der Zerst\u00f6rung\u201c verwandelte Dresden in eine bedeutende R\u00fcstungsproduktionsst\u00e4tte zur Entfesselung, Intensivierung und Fortf\u00fchrung des Zweiten Weltkriegs. Bereits 1934 setzte die systematische Heranziehung von Firmen zur&#46;&#46;&#46;<\/p>\n","protected":false},"author":3,"featured_media":613,"parent":707,"menu_order":0,"comment_status":"closed","ping_status":"closed","template":"","meta":{"_monsterinsights_skip_tracking":false,"_monsterinsights_sitenote_active":false,"_monsterinsights_sitenote_note":"","_monsterinsights_sitenote_category":0,"footnotes":""},"class_list":["post-702","page","type-page","status-publish","has-post-thumbnail","hentry"],"yoast_head":"<!-- This site is optimized with the Yoast SEO plugin v27.2 - https:\/\/yoast.com\/product\/yoast-seo-wordpress\/ -->\n<title>Mahngang T\u00e4terspuren 2019 - deutsch - Dresden WiEdersetzen<\/title>\n<meta name=\"robots\" content=\"index, follow, max-snippet:-1, max-image-preview:large, max-video-preview:-1\" \/>\n<link rel=\"canonical\" href=\"https:\/\/dresden-nazifrei.com\/kampa\/erinnerungskultur\/mahngang-taeterspuren-2019\/mahngang-taeterspuren-2019-deutsch\/\" \/>\n<meta property=\"og:locale\" content=\"de_DE\" \/>\n<meta property=\"og:type\" content=\"article\" \/>\n<meta property=\"og:title\" content=\"Mahngang T\u00e4terspuren 2019 - deutsch - Dresden WiEdersetzen\" \/>\n<meta property=\"og:description\" content=\"R\u00fcstungsindustrie und Zwangsarbeit im nationalsozialistischen Dresden Die nationalsozialistische \u201e\u00d6konomie der Zerst\u00f6rung\u201c verwandelte Dresden in eine bedeutende R\u00fcstungsproduktionsst\u00e4tte zur Entfesselung, Intensivierung und Fortf\u00fchrung des Zweiten Weltkriegs. Bereits 1934 setzte die systematische Heranziehung von Firmen zur&#046;&#046;&#046;\" \/>\n<meta property=\"og:url\" content=\"https:\/\/dresden-nazifrei.com\/kampa\/erinnerungskultur\/mahngang-taeterspuren-2019\/mahngang-taeterspuren-2019-deutsch\/\" \/>\n<meta property=\"og:site_name\" content=\"Dresden WiEdersetzen\" \/>\n<meta property=\"article:publisher\" content=\"https:\/\/www.facebook.com\/dresden.stellt.sich.quer\/\" \/>\n<meta property=\"article:modified_time\" content=\"2022-03-03T17:00:51+00:00\" \/>\n<meta property=\"og:image\" content=\"https:\/\/dresden-nazifrei.com\/kampa\/wp-content\/uploads\/2019\/01\/Pic-Mahngang-T\u00e4terspuren-2019.png\" \/>\n\t<meta property=\"og:image:width\" content=\"775\" \/>\n\t<meta property=\"og:image:height\" content=\"762\" \/>\n\t<meta property=\"og:image:type\" content=\"image\/png\" \/>\n<meta name=\"twitter:card\" content=\"summary_large_image\" \/>\n<meta name=\"twitter:site\" content=\"@dd_nazifrei\" \/>\n<meta name=\"twitter:label1\" content=\"Gesch\u00e4tzte Lesezeit\" \/>\n\t<meta name=\"twitter:data1\" content=\"4\u00a0Minuten\" \/>\n<script type=\"application\/ld+json\" class=\"yoast-schema-graph\">{\"@context\":\"https:\/\/schema.org\",\"@graph\":[{\"@type\":\"WebPage\",\"@id\":\"https:\/\/dresden-nazifrei.com\/kampa\/erinnerungskultur\/mahngang-taeterspuren-2019\/mahngang-taeterspuren-2019-deutsch\/\",\"url\":\"https:\/\/dresden-nazifrei.com\/kampa\/erinnerungskultur\/mahngang-taeterspuren-2019\/mahngang-taeterspuren-2019-deutsch\/\",\"name\":\"Mahngang T\u00e4terspuren 2019 - deutsch - Dresden WiEdersetzen\",\"isPartOf\":{\"@id\":\"https:\/\/dresden-nazifrei.com\/kampa\/#website\"},\"primaryImageOfPage\":{\"@id\":\"https:\/\/dresden-nazifrei.com\/kampa\/erinnerungskultur\/mahngang-taeterspuren-2019\/mahngang-taeterspuren-2019-deutsch\/#primaryimage\"},\"image\":{\"@id\":\"https:\/\/dresden-nazifrei.com\/kampa\/erinnerungskultur\/mahngang-taeterspuren-2019\/mahngang-taeterspuren-2019-deutsch\/#primaryimage\"},\"thumbnailUrl\":\"https:\/\/dresden-nazifrei.com\/kampa\/wp-content\/uploads\/2019\/01\/Pic-Mahngang-T\u00e4terspuren-2019.png\",\"datePublished\":\"2019-02-08T09:33:15+00:00\",\"dateModified\":\"2022-03-03T17:00:51+00:00\",\"breadcrumb\":{\"@id\":\"https:\/\/dresden-nazifrei.com\/kampa\/erinnerungskultur\/mahngang-taeterspuren-2019\/mahngang-taeterspuren-2019-deutsch\/#breadcrumb\"},\"inLanguage\":\"de\",\"potentialAction\":[{\"@type\":\"ReadAction\",\"target\":[\"https:\/\/dresden-nazifrei.com\/kampa\/erinnerungskultur\/mahngang-taeterspuren-2019\/mahngang-taeterspuren-2019-deutsch\/\"]}]},{\"@type\":\"ImageObject\",\"inLanguage\":\"de\",\"@id\":\"https:\/\/dresden-nazifrei.com\/kampa\/erinnerungskultur\/mahngang-taeterspuren-2019\/mahngang-taeterspuren-2019-deutsch\/#primaryimage\",\"url\":\"https:\/\/dresden-nazifrei.com\/kampa\/wp-content\/uploads\/2019\/01\/Pic-Mahngang-T\u00e4terspuren-2019.png\",\"contentUrl\":\"https:\/\/dresden-nazifrei.com\/kampa\/wp-content\/uploads\/2019\/01\/Pic-Mahngang-T\u00e4terspuren-2019.png\",\"width\":775,\"height\":762},{\"@type\":\"BreadcrumbList\",\"@id\":\"https:\/\/dresden-nazifrei.com\/kampa\/erinnerungskultur\/mahngang-taeterspuren-2019\/mahngang-taeterspuren-2019-deutsch\/#breadcrumb\",\"itemListElement\":[{\"@type\":\"ListItem\",\"position\":1,\"name\":\"Startseite\",\"item\":\"https:\/\/dresden-nazifrei.com\/kampa\/\"},{\"@type\":\"ListItem\",\"position\":2,\"name\":\"Erinnerungskultur\",\"item\":\"https:\/\/dresden-nazifrei.com\/kampa\/erinnerungskultur\/\"},{\"@type\":\"ListItem\",\"position\":3,\"name\":\"Mahngang T\u00e4terspuren 2019\",\"item\":\"https:\/\/dresden-nazifrei.com\/kampa\/erinnerungskultur\/mahngang-taeterspuren-2019\/\"},{\"@type\":\"ListItem\",\"position\":4,\"name\":\"Mahngang T\u00e4terspuren 2019 &#8211; deutsch\"}]},{\"@type\":\"WebSite\",\"@id\":\"https:\/\/dresden-nazifrei.com\/kampa\/#website\",\"url\":\"https:\/\/dresden-nazifrei.com\/kampa\/\",\"name\":\"Dresden WiEdersetzen\",\"description\":\"Dresden stellt sich quer\",\"publisher\":{\"@id\":\"https:\/\/dresden-nazifrei.com\/kampa\/#organization\"},\"potentialAction\":[{\"@type\":\"SearchAction\",\"target\":{\"@type\":\"EntryPoint\",\"urlTemplate\":\"https:\/\/dresden-nazifrei.com\/kampa\/?s={search_term_string}\"},\"query-input\":{\"@type\":\"PropertyValueSpecification\",\"valueRequired\":true,\"valueName\":\"search_term_string\"}}],\"inLanguage\":\"de\"},{\"@type\":\"Organization\",\"@id\":\"https:\/\/dresden-nazifrei.com\/kampa\/#organization\",\"name\":\"Dresden Nazifrei\",\"url\":\"https:\/\/dresden-nazifrei.com\/kampa\/\",\"logo\":{\"@type\":\"ImageObject\",\"inLanguage\":\"de\",\"@id\":\"https:\/\/dresden-nazifrei.com\/kampa\/#\/schema\/logo\/image\/\",\"url\":\"https:\/\/dresden-nazifrei.com\/kampa\/wp-content\/uploads\/2021\/03\/Logo-Schwarz-Rot.png\",\"contentUrl\":\"https:\/\/dresden-nazifrei.com\/kampa\/wp-content\/uploads\/2021\/03\/Logo-Schwarz-Rot.png\",\"width\":500,\"height\":500,\"caption\":\"Dresden Nazifrei\"},\"image\":{\"@id\":\"https:\/\/dresden-nazifrei.com\/kampa\/#\/schema\/logo\/image\/\"},\"sameAs\":[\"https:\/\/www.facebook.com\/dresden.stellt.sich.quer\/\",\"https:\/\/x.com\/dd_nazifrei\",\"https:\/\/www.instagram.com\/dd_nazifrei\/\",\"https:\/\/www.youtube.com\/channel\/UC2w1_etudyqY1XziVPgba8Q\"]}]}<\/script>\n<!-- \/ Yoast SEO plugin. -->","yoast_head_json":{"title":"Mahngang T\u00e4terspuren 2019 - deutsch - Dresden WiEdersetzen","robots":{"index":"index","follow":"follow","max-snippet":"max-snippet:-1","max-image-preview":"max-image-preview:large","max-video-preview":"max-video-preview:-1"},"canonical":"https:\/\/dresden-nazifrei.com\/kampa\/erinnerungskultur\/mahngang-taeterspuren-2019\/mahngang-taeterspuren-2019-deutsch\/","og_locale":"de_DE","og_type":"article","og_title":"Mahngang T\u00e4terspuren 2019 - deutsch - Dresden WiEdersetzen","og_description":"R\u00fcstungsindustrie und Zwangsarbeit im nationalsozialistischen Dresden Die nationalsozialistische \u201e\u00d6konomie der Zerst\u00f6rung\u201c verwandelte Dresden in eine bedeutende R\u00fcstungsproduktionsst\u00e4tte zur Entfesselung, Intensivierung und Fortf\u00fchrung des Zweiten Weltkriegs. Bereits 1934 setzte die systematische Heranziehung von Firmen zur&#46;&#46;&#46;","og_url":"https:\/\/dresden-nazifrei.com\/kampa\/erinnerungskultur\/mahngang-taeterspuren-2019\/mahngang-taeterspuren-2019-deutsch\/","og_site_name":"Dresden WiEdersetzen","article_publisher":"https:\/\/www.facebook.com\/dresden.stellt.sich.quer\/","article_modified_time":"2022-03-03T17:00:51+00:00","og_image":[{"width":775,"height":762,"url":"https:\/\/dresden-nazifrei.com\/kampa\/wp-content\/uploads\/2019\/01\/Pic-Mahngang-T\u00e4terspuren-2019.png","type":"image\/png"}],"twitter_card":"summary_large_image","twitter_site":"@dd_nazifrei","twitter_misc":{"Gesch\u00e4tzte Lesezeit":"4\u00a0Minuten"},"schema":{"@context":"https:\/\/schema.org","@graph":[{"@type":"WebPage","@id":"https:\/\/dresden-nazifrei.com\/kampa\/erinnerungskultur\/mahngang-taeterspuren-2019\/mahngang-taeterspuren-2019-deutsch\/","url":"https:\/\/dresden-nazifrei.com\/kampa\/erinnerungskultur\/mahngang-taeterspuren-2019\/mahngang-taeterspuren-2019-deutsch\/","name":"Mahngang T\u00e4terspuren 2019 - deutsch - Dresden WiEdersetzen","isPartOf":{"@id":"https:\/\/dresden-nazifrei.com\/kampa\/#website"},"primaryImageOfPage":{"@id":"https:\/\/dresden-nazifrei.com\/kampa\/erinnerungskultur\/mahngang-taeterspuren-2019\/mahngang-taeterspuren-2019-deutsch\/#primaryimage"},"image":{"@id":"https:\/\/dresden-nazifrei.com\/kampa\/erinnerungskultur\/mahngang-taeterspuren-2019\/mahngang-taeterspuren-2019-deutsch\/#primaryimage"},"thumbnailUrl":"https:\/\/dresden-nazifrei.com\/kampa\/wp-content\/uploads\/2019\/01\/Pic-Mahngang-T\u00e4terspuren-2019.png","datePublished":"2019-02-08T09:33:15+00:00","dateModified":"2022-03-03T17:00:51+00:00","breadcrumb":{"@id":"https:\/\/dresden-nazifrei.com\/kampa\/erinnerungskultur\/mahngang-taeterspuren-2019\/mahngang-taeterspuren-2019-deutsch\/#breadcrumb"},"inLanguage":"de","potentialAction":[{"@type":"ReadAction","target":["https:\/\/dresden-nazifrei.com\/kampa\/erinnerungskultur\/mahngang-taeterspuren-2019\/mahngang-taeterspuren-2019-deutsch\/"]}]},{"@type":"ImageObject","inLanguage":"de","@id":"https:\/\/dresden-nazifrei.com\/kampa\/erinnerungskultur\/mahngang-taeterspuren-2019\/mahngang-taeterspuren-2019-deutsch\/#primaryimage","url":"https:\/\/dresden-nazifrei.com\/kampa\/wp-content\/uploads\/2019\/01\/Pic-Mahngang-T\u00e4terspuren-2019.png","contentUrl":"https:\/\/dresden-nazifrei.com\/kampa\/wp-content\/uploads\/2019\/01\/Pic-Mahngang-T\u00e4terspuren-2019.png","width":775,"height":762},{"@type":"BreadcrumbList","@id":"https:\/\/dresden-nazifrei.com\/kampa\/erinnerungskultur\/mahngang-taeterspuren-2019\/mahngang-taeterspuren-2019-deutsch\/#breadcrumb","itemListElement":[{"@type":"ListItem","position":1,"name":"Startseite","item":"https:\/\/dresden-nazifrei.com\/kampa\/"},{"@type":"ListItem","position":2,"name":"Erinnerungskultur","item":"https:\/\/dresden-nazifrei.com\/kampa\/erinnerungskultur\/"},{"@type":"ListItem","position":3,"name":"Mahngang T\u00e4terspuren 2019","item":"https:\/\/dresden-nazifrei.com\/kampa\/erinnerungskultur\/mahngang-taeterspuren-2019\/"},{"@type":"ListItem","position":4,"name":"Mahngang T\u00e4terspuren 2019 &#8211; deutsch"}]},{"@type":"WebSite","@id":"https:\/\/dresden-nazifrei.com\/kampa\/#website","url":"https:\/\/dresden-nazifrei.com\/kampa\/","name":"Dresden WiEdersetzen","description":"Dresden stellt sich quer","publisher":{"@id":"https:\/\/dresden-nazifrei.com\/kampa\/#organization"},"potentialAction":[{"@type":"SearchAction","target":{"@type":"EntryPoint","urlTemplate":"https:\/\/dresden-nazifrei.com\/kampa\/?s={search_term_string}"},"query-input":{"@type":"PropertyValueSpecification","valueRequired":true,"valueName":"search_term_string"}}],"inLanguage":"de"},{"@type":"Organization","@id":"https:\/\/dresden-nazifrei.com\/kampa\/#organization","name":"Dresden Nazifrei","url":"https:\/\/dresden-nazifrei.com\/kampa\/","logo":{"@type":"ImageObject","inLanguage":"de","@id":"https:\/\/dresden-nazifrei.com\/kampa\/#\/schema\/logo\/image\/","url":"https:\/\/dresden-nazifrei.com\/kampa\/wp-content\/uploads\/2021\/03\/Logo-Schwarz-Rot.png","contentUrl":"https:\/\/dresden-nazifrei.com\/kampa\/wp-content\/uploads\/2021\/03\/Logo-Schwarz-Rot.png","width":500,"height":500,"caption":"Dresden Nazifrei"},"image":{"@id":"https:\/\/dresden-nazifrei.com\/kampa\/#\/schema\/logo\/image\/"},"sameAs":["https:\/\/www.facebook.com\/dresden.stellt.sich.quer\/","https:\/\/x.com\/dd_nazifrei","https:\/\/www.instagram.com\/dd_nazifrei\/","https:\/\/www.youtube.com\/channel\/UC2w1_etudyqY1XziVPgba8Q"]}]}},"_links":{"self":[{"href":"https:\/\/dresden-nazifrei.com\/kampa\/wp-json\/wp\/v2\/pages\/702","targetHints":{"allow":["GET"]}}],"collection":[{"href":"https:\/\/dresden-nazifrei.com\/kampa\/wp-json\/wp\/v2\/pages"}],"about":[{"href":"https:\/\/dresden-nazifrei.com\/kampa\/wp-json\/wp\/v2\/types\/page"}],"author":[{"embeddable":true,"href":"https:\/\/dresden-nazifrei.com\/kampa\/wp-json\/wp\/v2\/users\/3"}],"replies":[{"embeddable":true,"href":"https:\/\/dresden-nazifrei.com\/kampa\/wp-json\/wp\/v2\/comments?post=702"}],"version-history":[{"count":20,"href":"https:\/\/dresden-nazifrei.com\/kampa\/wp-json\/wp\/v2\/pages\/702\/revisions"}],"predecessor-version":[{"id":8418,"href":"https:\/\/dresden-nazifrei.com\/kampa\/wp-json\/wp\/v2\/pages\/702\/revisions\/8418"}],"up":[{"embeddable":true,"href":"https:\/\/dresden-nazifrei.com\/kampa\/wp-json\/wp\/v2\/pages\/707"}],"wp:featuredmedia":[{"embeddable":true,"href":"https:\/\/dresden-nazifrei.com\/kampa\/wp-json\/wp\/v2\/media\/613"}],"wp:attachment":[{"href":"https:\/\/dresden-nazifrei.com\/kampa\/wp-json\/wp\/v2\/media?parent=702"}],"curies":[{"name":"wp","href":"https:\/\/api.w.org\/{rel}","templated":true}]}}