{"id":8696,"date":"2022-04-11T20:12:27","date_gmt":"2022-04-11T18:12:27","guid":{"rendered":"https:\/\/dresden-nazifrei.com\/?page_id=8696"},"modified":"2022-04-11T20:13:10","modified_gmt":"2022-04-11T18:13:10","slug":"reichsmutterhaus-ns-schwesternschaft","status":"publish","type":"page","link":"https:\/\/dresden-nazifrei.com\/kampa\/erinnerungskultur\/mahngang-taeterspuren-2022\/reichsmutterhaus-ns-schwesternschaft\/","title":{"rendered":"Das Reichsmutterhaus der NS-Schwesternschaft"},"content":{"rendered":"\n<p>Die Ausbildungsst\u00e4tte f\u00fcr Krankenpflegepersonal entstand 1912 als erste Krankenpflegeschule an einem Dresdner st\u00e4dtischen Krankenhaus (damals Stadtkrankenhaus Dresden-Johannstadt, geh\u00f6rt heute zum Universit\u00e4tsklinikum). Im praxisorientierten Unterricht wurden neben hauswirtschaftlichen Fertigkeiten vor allem anatomische, physiologische und pathologische Kenntnisse sowie Grundlagen der Pr\u00e4vention, Diagnostik und Therapie von Krankheiten und die sich daraus ergebenden Anforderungen an die Krankenpflege vermittelt.<\/p>\n\n\n\n<p>1929 wurde der Neubau der Schwesternschule bezogen, in dem sich neben Unterrichts- und Verwaltungsr\u00e4umen sowie Sanit\u00e4ranlagen auch die Wohnr\u00e4ume der Schwestern und Sch\u00fclerinnen befanden. Hier wohnten sie in \u201eFamilien\u201c mit je 24 Sch\u00fclerinnen, deren Oberhaupt eine Lehrschwester war.<\/p>\n\n\n\n<p>Das Krankenhaus wurde 1932, obwohl es das modernste Dresdens war, auf Grund der schwierigen finanziellen Situation der Stadt infolge der Weltwirtschaftskrise geschlossen. W\u00e4hrend alle Abteilungen im Laufe des Jahres 1933 ihren Betrieb wieder aufnahmen, blieb die Schwesternschule geschlossen. Sie wurde erst im Juli 1934 wieder er\u00f6ffnet, und zwar als Reichsmutterhaus der NS-Schwesternschaft. Vorbild war das Reichsmutterhaus in Hannover. Durch die Einbeziehung der Schwesternsch\u00fclerinnen vom Beginn der Ausbildung in den praktischen Pflegedienst sollten die Kosten der Ausbildung verringert werden. Die Schule unterstand dem Chefarzt des Klinikums, dem Chirurgen Hermann Jensen. Jensen, Mitglied der NSDAP seit 1928, war zuvor in Hannover t\u00e4tig und hatte die dortige \u201eBraune Schwesternschaft\u201c gef\u00f6rdert.<\/p>\n\n\n\n<p>NS-Schwestern aus Hannover zogen nach Dresden und brachten sich in den Aufbau der Schule ein. Neben den berufstheoretischen und -praktischen Inhalten wurden jetzt die nationalsozialistische Weltanschauung und die rassenhygienischen und erbbiologischen Vorstellungen der Nazis in den Vordergrund der Ausbildung gestellt. Die Schwestern sollten in erster Linie der sogenannten Volksgemeinschaft und erst in zweiter Linie den Kranken dienen.<\/p>\n\n\n\n<p>Da das Stadtkrankenhaus das von Reichs\u00e4rztef\u00fchrer Gerhard Wagner propagierte Konzept einer \u201eNeuen Deutschen Heilkunde\u201c umsetzen sollte, wurde jetzt auch die Herstellung von Di\u00e4ten, die di\u00e4tische Beratung von Patienten, verschiedene Wasseranwendungen und gymnastische \u00dcbungen in den Unterricht integriert. Gerhard Wagner wollte naturheilkundliche und andere alternative Heilmethoden auf ihre Wirksamkeit \u00fcberpr\u00fcfen und bei Bedarf in die Schulmedizin integrieren. Somit w\u00fcrden Heilpraktiker und andere Konkurrenten des Arztes \u00fcberfl\u00fcssig und der Arzt k\u00f6nnte seine Stellung als \u201eGesundheitsf\u00fchrer\u201c seiner Patienten dazu nutzen, rassenhygienisches und erbbiologistisches Gedankengut an sie zu vermitteln sowie ihr Gesundheitsverhalten zu beeinflussen. Das Krankenhaus sollte St\u00e4tte f\u00fcr eine \u201eSynthese von Schulmedizin und Naturheilkunde\u201c werden und konstitutionsbiologische bzw. rassenhygienische Forschungen durchf\u00fchren. Die Umbenennung in \u201eRudolf-He\u00df-Krankenhaus\u201c machte diese Umorientierung nach au\u00dfen deutlich, da der Namensgeber Hitlers Stellvertreter in der NSDAP und Reichsminister war.<\/p>\n\n\n\n<p>Als Voraussetzung f\u00fcr die Aufnahme in die NS-Schwesternschaft wurden im Juni 1934 folgende Bedingungen festgelegt: Sie mussten staatlich gepr\u00fcfte Schwestern sein, die entweder selbst Mitglied der NSDAP sind oder die durch eine Best\u00e4tigung ihres zust\u00e4ndigen Ortsgruppenleiters nachweisen, dass ihre Familie vor dem 30. Januar 1933 nationalsozialistisch war. Zudem mussten sie den Nachweis vorlegen, \u201edeutschen oder artverwandten Blutes\u201c zu sein.<\/p>\n\n\n\n<p>Die NS-Schwesternschule \u00fcbernahm von ihrer Vorg\u00e4ngereinrichtung die Einteilung in \u201eFamilien\u201c mit je 24 M\u00e4dchen. So wurde auch die gemeinsame Freizeitgestaltung dazu genutzt, die NS-Ideologie zu verbreiten und die Bindung der jungen Frauen an das Reichsmutterhaus zu festigen.<\/p>\n\n\n\n<p>Haupteinsatzgebiet der NS-Schwestern waren nach Abschluss der Ausbildung die Gemeindestationen. Die wichtigste Aufgabe der Gemeindeschwester war weiterhin die krankenpflegerische Betreuung, jedoch unter Ber\u00fccksichtigung der \u201eVolksgesundheitspflege\u201c, der Rassenlehre und Rassenpflege sowie der politischen Erziehung. In diesem Sinne sollten die Schwestern auch ihre Meldepflicht nach dem \u201eGesetz zur Verh\u00fctung erbkranken Nachwuchses\u201c erf\u00fcllen, d. h. alle Patienten melden, die an bestimmten Krankheiten, wie Schizophrenie und Epilepsie litten, um deren Sterilisation zu veranlassen..<\/p>\n\n\n\n<p>Die NS-Schwestern trugen durch ihre T\u00e4tigkeit entscheidend dazu bei, die NS-Ideologie auf dem Gebiet der Krankenpflege und F\u00fcrsorge umzusetzen.<\/p>\n\n\n\n<h4 class=\"wp-block-heading\">Literatur<\/h4>\n\n\n\n<ul class=\"wp-block-list\"><li>Scholz, Albrecht u. a. (Hg): Vom Stadtkrankenhaus zum Universit\u00e4tsklinikum. 100 Jahre Krankenhausgeschichte in Dresden, K\u00f6ln, Weimar, Wien 2001.<\/li><li>Dresdner Hefte Nr. 113: Gesundheitswesen in Sachsen, Dresden 2013.<\/li><li>Lienert, Marina, Heidel, Caris-Petra: Hermann Jensen und Alois Boehm: Personelle Vorhut zur Umsetzung der \u201eNeuen Deutschen Heilkunde\u201c am Johannst\u00e4dter Stadtkrankenhaus Dresden, in: Braune Karrieren. Dresdner T\u00e4ter und Akteure im Nationalsozialismus, Dresden 2012.<\/li><li><a href=\"https:\/\/monami.hs-mittweida.de\/frontdoor\/deliver\/index\/docId\/4810\/file\/Bachelorarbeit_Wobig.pdf\">https:\/\/monami.hs-mittweida.de\/frontdoor\/deliver\/index\/docId\/4810\/file\/Bachelorarbeit_Wobig.pdf<\/a> (zuletzt gepr\u00fcft am 12.01.22)<\/li><li><a href=\"https:\/\/www.gedenkplaetze.info\/touren\/macht-bildung-propaganda\/1\">https:\/\/www.gedenkplaetze.info\/touren\/macht-bildung-propaganda\/1<\/a> (zuletzt gepr\u00fcft am 12.01.22)<\/li><\/ul>\n","protected":false},"excerpt":{"rendered":"<p>Die Ausbildungsst\u00e4tte f\u00fcr Krankenpflegepersonal entstand 1912 als erste Krankenpflegeschule an einem Dresdner st\u00e4dtischen Krankenhaus (damals Stadtkrankenhaus Dresden-Johannstadt, geh\u00f6rt heute zum Universit\u00e4tsklinikum). Im praxisorientierten Unterricht wurden neben hauswirtschaftlichen Fertigkeiten vor allem anatomische, physiologische und pathologische&#46;&#46;&#46;<\/p>\n","protected":false},"author":3,"featured_media":0,"parent":8343,"menu_order":2,"comment_status":"closed","ping_status":"closed","template":"","meta":{"_monsterinsights_skip_tracking":false,"_monsterinsights_sitenote_active":false,"_monsterinsights_sitenote_note":"","_monsterinsights_sitenote_category":0,"footnotes":""},"class_list":["post-8696","page","type-page","status-publish","hentry"],"yoast_head":"<!-- This site is optimized with the Yoast SEO plugin v27.2 - https:\/\/yoast.com\/product\/yoast-seo-wordpress\/ -->\n<title>Das Reichsmutterhaus der NS-Schwesternschaft<\/title>\n<meta name=\"robots\" content=\"index, follow, max-snippet:-1, max-image-preview:large, max-video-preview:-1\" \/>\n<link rel=\"canonical\" href=\"https:\/\/dresden-nazifrei.com\/kampa\/erinnerungskultur\/mahngang-taeterspuren-2022\/reichsmutterhaus-ns-schwesternschaft\/\" \/>\n<meta property=\"og:locale\" content=\"de_DE\" \/>\n<meta property=\"og:type\" content=\"article\" \/>\n<meta property=\"og:title\" content=\"Das Reichsmutterhaus der NS-Schwesternschaft\" \/>\n<meta property=\"og:description\" content=\"Die Ausbildungsst\u00e4tte f\u00fcr Krankenpflegepersonal entstand 1912 als erste Krankenpflegeschule an einem Dresdner st\u00e4dtischen Krankenhaus (damals Stadtkrankenhaus Dresden-Johannstadt, geh\u00f6rt heute zum Universit\u00e4tsklinikum). Im praxisorientierten Unterricht wurden neben hauswirtschaftlichen Fertigkeiten vor allem anatomische, physiologische und pathologische&#046;&#046;&#046;\" \/>\n<meta property=\"og:url\" content=\"https:\/\/dresden-nazifrei.com\/kampa\/erinnerungskultur\/mahngang-taeterspuren-2022\/reichsmutterhaus-ns-schwesternschaft\/\" \/>\n<meta property=\"og:site_name\" content=\"Dresden WiEdersetzen\" \/>\n<meta property=\"article:publisher\" content=\"https:\/\/www.facebook.com\/dresden.stellt.sich.quer\/\" \/>\n<meta property=\"article:modified_time\" content=\"2022-04-11T18:13:10+00:00\" \/>\n<meta property=\"og:image\" content=\"https:\/\/dresden-nazifrei.com\/kampa\/wp-content\/uploads\/2021\/01\/Stadt-FB-Rot.png\" \/>\n\t<meta property=\"og:image:width\" content=\"1600\" \/>\n\t<meta property=\"og:image:height\" content=\"900\" \/>\n\t<meta property=\"og:image:type\" content=\"image\/png\" \/>\n<meta name=\"twitter:card\" content=\"summary_large_image\" \/>\n<meta name=\"twitter:site\" content=\"@dd_nazifrei\" \/>\n<meta name=\"twitter:label1\" content=\"Gesch\u00e4tzte Lesezeit\" \/>\n\t<meta name=\"twitter:data1\" content=\"4\u00a0Minuten\" \/>\n<script type=\"application\/ld+json\" class=\"yoast-schema-graph\">{\"@context\":\"https:\/\/schema.org\",\"@graph\":[{\"@type\":\"WebPage\",\"@id\":\"https:\/\/dresden-nazifrei.com\/kampa\/erinnerungskultur\/mahngang-taeterspuren-2022\/reichsmutterhaus-ns-schwesternschaft\/\",\"url\":\"https:\/\/dresden-nazifrei.com\/kampa\/erinnerungskultur\/mahngang-taeterspuren-2022\/reichsmutterhaus-ns-schwesternschaft\/\",\"name\":\"Das Reichsmutterhaus der NS-Schwesternschaft\",\"isPartOf\":{\"@id\":\"https:\/\/dresden-nazifrei.com\/kampa\/#website\"},\"datePublished\":\"2022-04-11T18:12:27+00:00\",\"dateModified\":\"2022-04-11T18:13:10+00:00\",\"breadcrumb\":{\"@id\":\"https:\/\/dresden-nazifrei.com\/kampa\/erinnerungskultur\/mahngang-taeterspuren-2022\/reichsmutterhaus-ns-schwesternschaft\/#breadcrumb\"},\"inLanguage\":\"de\",\"potentialAction\":[{\"@type\":\"ReadAction\",\"target\":[\"https:\/\/dresden-nazifrei.com\/kampa\/erinnerungskultur\/mahngang-taeterspuren-2022\/reichsmutterhaus-ns-schwesternschaft\/\"]}]},{\"@type\":\"BreadcrumbList\",\"@id\":\"https:\/\/dresden-nazifrei.com\/kampa\/erinnerungskultur\/mahngang-taeterspuren-2022\/reichsmutterhaus-ns-schwesternschaft\/#breadcrumb\",\"itemListElement\":[{\"@type\":\"ListItem\",\"position\":1,\"name\":\"Startseite\",\"item\":\"https:\/\/dresden-nazifrei.com\/kampa\/\"},{\"@type\":\"ListItem\",\"position\":2,\"name\":\"Erinnerungskultur\",\"item\":\"https:\/\/dresden-nazifrei.com\/kampa\/erinnerungskultur\/\"},{\"@type\":\"ListItem\",\"position\":3,\"name\":\"Mahngang T\u00e4ter*innenspuren 2022\",\"item\":\"https:\/\/dresden-nazifrei.com\/kampa\/erinnerungskultur\/mahngang-taeterspuren-2022\/\"},{\"@type\":\"ListItem\",\"position\":4,\"name\":\"Das Reichsmutterhaus der NS-Schwesternschaft\"}]},{\"@type\":\"WebSite\",\"@id\":\"https:\/\/dresden-nazifrei.com\/kampa\/#website\",\"url\":\"https:\/\/dresden-nazifrei.com\/kampa\/\",\"name\":\"Dresden WiEdersetzen\",\"description\":\"Dresden stellt sich quer\",\"publisher\":{\"@id\":\"https:\/\/dresden-nazifrei.com\/kampa\/#organization\"},\"potentialAction\":[{\"@type\":\"SearchAction\",\"target\":{\"@type\":\"EntryPoint\",\"urlTemplate\":\"https:\/\/dresden-nazifrei.com\/kampa\/?s={search_term_string}\"},\"query-input\":{\"@type\":\"PropertyValueSpecification\",\"valueRequired\":true,\"valueName\":\"search_term_string\"}}],\"inLanguage\":\"de\"},{\"@type\":\"Organization\",\"@id\":\"https:\/\/dresden-nazifrei.com\/kampa\/#organization\",\"name\":\"Dresden Nazifrei\",\"url\":\"https:\/\/dresden-nazifrei.com\/kampa\/\",\"logo\":{\"@type\":\"ImageObject\",\"inLanguage\":\"de\",\"@id\":\"https:\/\/dresden-nazifrei.com\/kampa\/#\/schema\/logo\/image\/\",\"url\":\"https:\/\/dresden-nazifrei.com\/kampa\/wp-content\/uploads\/2021\/03\/Logo-Schwarz-Rot.png\",\"contentUrl\":\"https:\/\/dresden-nazifrei.com\/kampa\/wp-content\/uploads\/2021\/03\/Logo-Schwarz-Rot.png\",\"width\":500,\"height\":500,\"caption\":\"Dresden Nazifrei\"},\"image\":{\"@id\":\"https:\/\/dresden-nazifrei.com\/kampa\/#\/schema\/logo\/image\/\"},\"sameAs\":[\"https:\/\/www.facebook.com\/dresden.stellt.sich.quer\/\",\"https:\/\/x.com\/dd_nazifrei\",\"https:\/\/www.instagram.com\/dd_nazifrei\/\",\"https:\/\/www.youtube.com\/channel\/UC2w1_etudyqY1XziVPgba8Q\"]}]}<\/script>\n<!-- \/ Yoast SEO plugin. -->","yoast_head_json":{"title":"Das Reichsmutterhaus der NS-Schwesternschaft","robots":{"index":"index","follow":"follow","max-snippet":"max-snippet:-1","max-image-preview":"max-image-preview:large","max-video-preview":"max-video-preview:-1"},"canonical":"https:\/\/dresden-nazifrei.com\/kampa\/erinnerungskultur\/mahngang-taeterspuren-2022\/reichsmutterhaus-ns-schwesternschaft\/","og_locale":"de_DE","og_type":"article","og_title":"Das Reichsmutterhaus der NS-Schwesternschaft","og_description":"Die Ausbildungsst\u00e4tte f\u00fcr Krankenpflegepersonal entstand 1912 als erste Krankenpflegeschule an einem Dresdner st\u00e4dtischen Krankenhaus (damals Stadtkrankenhaus Dresden-Johannstadt, geh\u00f6rt heute zum Universit\u00e4tsklinikum). Im praxisorientierten Unterricht wurden neben hauswirtschaftlichen Fertigkeiten vor allem anatomische, physiologische und pathologische&#46;&#46;&#46;","og_url":"https:\/\/dresden-nazifrei.com\/kampa\/erinnerungskultur\/mahngang-taeterspuren-2022\/reichsmutterhaus-ns-schwesternschaft\/","og_site_name":"Dresden WiEdersetzen","article_publisher":"https:\/\/www.facebook.com\/dresden.stellt.sich.quer\/","article_modified_time":"2022-04-11T18:13:10+00:00","og_image":[{"width":1600,"height":900,"url":"https:\/\/dresden-nazifrei.com\/kampa\/wp-content\/uploads\/2021\/01\/Stadt-FB-Rot.png","type":"image\/png"}],"twitter_card":"summary_large_image","twitter_site":"@dd_nazifrei","twitter_misc":{"Gesch\u00e4tzte Lesezeit":"4\u00a0Minuten"},"schema":{"@context":"https:\/\/schema.org","@graph":[{"@type":"WebPage","@id":"https:\/\/dresden-nazifrei.com\/kampa\/erinnerungskultur\/mahngang-taeterspuren-2022\/reichsmutterhaus-ns-schwesternschaft\/","url":"https:\/\/dresden-nazifrei.com\/kampa\/erinnerungskultur\/mahngang-taeterspuren-2022\/reichsmutterhaus-ns-schwesternschaft\/","name":"Das Reichsmutterhaus der NS-Schwesternschaft","isPartOf":{"@id":"https:\/\/dresden-nazifrei.com\/kampa\/#website"},"datePublished":"2022-04-11T18:12:27+00:00","dateModified":"2022-04-11T18:13:10+00:00","breadcrumb":{"@id":"https:\/\/dresden-nazifrei.com\/kampa\/erinnerungskultur\/mahngang-taeterspuren-2022\/reichsmutterhaus-ns-schwesternschaft\/#breadcrumb"},"inLanguage":"de","potentialAction":[{"@type":"ReadAction","target":["https:\/\/dresden-nazifrei.com\/kampa\/erinnerungskultur\/mahngang-taeterspuren-2022\/reichsmutterhaus-ns-schwesternschaft\/"]}]},{"@type":"BreadcrumbList","@id":"https:\/\/dresden-nazifrei.com\/kampa\/erinnerungskultur\/mahngang-taeterspuren-2022\/reichsmutterhaus-ns-schwesternschaft\/#breadcrumb","itemListElement":[{"@type":"ListItem","position":1,"name":"Startseite","item":"https:\/\/dresden-nazifrei.com\/kampa\/"},{"@type":"ListItem","position":2,"name":"Erinnerungskultur","item":"https:\/\/dresden-nazifrei.com\/kampa\/erinnerungskultur\/"},{"@type":"ListItem","position":3,"name":"Mahngang T\u00e4ter*innenspuren 2022","item":"https:\/\/dresden-nazifrei.com\/kampa\/erinnerungskultur\/mahngang-taeterspuren-2022\/"},{"@type":"ListItem","position":4,"name":"Das Reichsmutterhaus der NS-Schwesternschaft"}]},{"@type":"WebSite","@id":"https:\/\/dresden-nazifrei.com\/kampa\/#website","url":"https:\/\/dresden-nazifrei.com\/kampa\/","name":"Dresden WiEdersetzen","description":"Dresden stellt sich quer","publisher":{"@id":"https:\/\/dresden-nazifrei.com\/kampa\/#organization"},"potentialAction":[{"@type":"SearchAction","target":{"@type":"EntryPoint","urlTemplate":"https:\/\/dresden-nazifrei.com\/kampa\/?s={search_term_string}"},"query-input":{"@type":"PropertyValueSpecification","valueRequired":true,"valueName":"search_term_string"}}],"inLanguage":"de"},{"@type":"Organization","@id":"https:\/\/dresden-nazifrei.com\/kampa\/#organization","name":"Dresden Nazifrei","url":"https:\/\/dresden-nazifrei.com\/kampa\/","logo":{"@type":"ImageObject","inLanguage":"de","@id":"https:\/\/dresden-nazifrei.com\/kampa\/#\/schema\/logo\/image\/","url":"https:\/\/dresden-nazifrei.com\/kampa\/wp-content\/uploads\/2021\/03\/Logo-Schwarz-Rot.png","contentUrl":"https:\/\/dresden-nazifrei.com\/kampa\/wp-content\/uploads\/2021\/03\/Logo-Schwarz-Rot.png","width":500,"height":500,"caption":"Dresden Nazifrei"},"image":{"@id":"https:\/\/dresden-nazifrei.com\/kampa\/#\/schema\/logo\/image\/"},"sameAs":["https:\/\/www.facebook.com\/dresden.stellt.sich.quer\/","https:\/\/x.com\/dd_nazifrei","https:\/\/www.instagram.com\/dd_nazifrei\/","https:\/\/www.youtube.com\/channel\/UC2w1_etudyqY1XziVPgba8Q"]}]}},"_links":{"self":[{"href":"https:\/\/dresden-nazifrei.com\/kampa\/wp-json\/wp\/v2\/pages\/8696","targetHints":{"allow":["GET"]}}],"collection":[{"href":"https:\/\/dresden-nazifrei.com\/kampa\/wp-json\/wp\/v2\/pages"}],"about":[{"href":"https:\/\/dresden-nazifrei.com\/kampa\/wp-json\/wp\/v2\/types\/page"}],"author":[{"embeddable":true,"href":"https:\/\/dresden-nazifrei.com\/kampa\/wp-json\/wp\/v2\/users\/3"}],"replies":[{"embeddable":true,"href":"https:\/\/dresden-nazifrei.com\/kampa\/wp-json\/wp\/v2\/comments?post=8696"}],"version-history":[{"count":2,"href":"https:\/\/dresden-nazifrei.com\/kampa\/wp-json\/wp\/v2\/pages\/8696\/revisions"}],"predecessor-version":[{"id":8698,"href":"https:\/\/dresden-nazifrei.com\/kampa\/wp-json\/wp\/v2\/pages\/8696\/revisions\/8698"}],"up":[{"embeddable":true,"href":"https:\/\/dresden-nazifrei.com\/kampa\/wp-json\/wp\/v2\/pages\/8343"}],"wp:attachment":[{"href":"https:\/\/dresden-nazifrei.com\/kampa\/wp-json\/wp\/v2\/media?parent=8696"}],"curies":[{"name":"wp","href":"https:\/\/api.w.org\/{rel}","templated":true}]}}