{"id":8713,"date":"2022-04-12T10:25:52","date_gmt":"2022-04-12T08:25:52","guid":{"rendered":"https:\/\/dresden-nazifrei.com\/?page_id=8713"},"modified":"2022-04-12T10:26:45","modified_gmt":"2022-04-12T08:26:45","slug":"horst-wessel-schule","status":"publish","type":"page","link":"https:\/\/dresden-nazifrei.com\/kampa\/erinnerungskultur\/mahngang-taeterspuren-2022\/horst-wessel-schule\/","title":{"rendered":"Die Horst-Wessel-Schule"},"content":{"rendered":"\n<p>Die 1. Knabenberufsschule-Altstadt &#8222;Horst Wessel&#8220; wurde am 17. September 1934 er\u00f6ffnet. Der Bau nach Pl\u00e4nen des Dresdner Stadtbaurates Paul Wolf wurde 1928 begonnen, auf Grund finanzieller Schwierigkeiten der Stadt Dresden mehrmals unterbrochen und schlie\u00dflich unter nationalsozialistischer Herrschaft vollendet. Es war der erste fertiggestellte Dresdner Schulneubau nach der Macht\u00fcbertragung an die Nationalsozialisten. Mehr als die H\u00e4lfte aller Dresdner Berufssch\u00fcler besuchte ab 1935 diese Berufsschule, da sowohl gewerbliche als auch kaufm\u00e4nnische Berufe ausgebildet wurden. Pro Schuljahr wurden hier mehr als 5000 Maschinenbauer, Werkzeugschlosser, Autoschlosser, Dreher, Sattler, Schneider, Uhrmacher, Optiker, Kaufleute, Musiker und Ungelernte unterrichtet.<\/p>\n\n\n\n<p>Mit der Macht\u00fcbertragung an die Nationalsozialisten r\u00fcckte auch die Berufsschule in den Fokus v\u00f6lkischer Bildung. Die Berufsausbildung sollte nicht mehr allein dazu dienen, berufstheoretische und -praktische Kenntnisse zu vermitteln und damit den \u00dcbergang ins Erwerbsleben zu ebnen; sondern die Sch\u00fcler im Sinne der NS-Ideologie erziehen, d. h. Vermittlung v\u00f6lkischen und rassistischen Gedankengutes, Verherrlichung des Krieges sowie Treue und Gefolgschaft gegen\u00fcber Adolf Hitler und dem deutschen Staat. Bernhard Rust, preu\u00dfischer Kultusminister und Reichsminister f\u00fcr Wissenschaft, Erziehung und Volksbildung formulierte schon im Juli 1934 die Richtlinie: &#8222;Die Schule hat sich auszurichten nach dem Geist unseres gro\u00dfen feldgrauen Heeres und hat daf\u00fcr zu sorgen, dass ein ganzes Volk in seiner Totalit\u00e4t auf diesen Gedanken hin erzogen wird.&#8220; Der Namensgeber der Schule, Horst Wessel, ein nach seinem Tod zum M\u00e4rtyrer stilisierter Sturmf\u00fchrer der SA, verdeutlicht diese Ausrichtung.<\/p>\n\n\n\n<p>Die Leitung der Horst-Wessel-Schule \u00fcbertrug das Stadtamt f\u00fcr Volksbildung dem Radeberger Gewerbelehrer Erich M\u00f6ckel, der seit 1929 NSDAP-Ortsgruppenleiter von Radeberg war. Er trat mehrfach \u00f6ffentlich als Redner in Erscheinung und agitierte mit Nachdruck gegen linke und kommunistische Kr\u00e4fte. Als die Reichstagswahlen im M\u00e4rz 1933 nicht das erw\u00fcnschte Resultat f\u00fcr die NSDAP erbrachte, war Erich M\u00f6ckel wesentlich f\u00fcr die Erst\u00fcrmung und Besetzung des Radeberger Rathauses verantwortlich. Die rechtm\u00e4\u00dfigen Verwaltungsvertreter wurden ihrer \u00c4mter enthoben und politisch eingesch\u00fcchtert; ihre Wahlwerbung mussten sie &#8211; unter Zwang durch die SA &#8211; eigenh\u00e4ndig aus dem \u00f6ffentlichen Raum entfernen. Die kommissarische Leitung der Radeberger Stadtverwaltung \u00fcbernahm Erich M\u00f6ckel selbst, und war hier bis zu seinem Amtsantritt als Direktor der Horst-Wessel-Schule Dresden t\u00e4tig.<\/p>\n\n\n\n<p>Vor dem Schulgeb\u00e4ude befand sich ein Ehrenmal f\u00fcr die Gefallenen des 1. Weltkrieges. An diesem war die Aufforderung an die Sch\u00fcler angebracht, sich ganz in den Dienst des Vaterlandes zu stellen, so wie dies auch die Generationen vor ihnen getan h\u00e4tten. Die Verkn\u00fcpfung von Geb\u00e4ude und Ideologie wurde auch im Inneren der Schule fortgesetzt. Sowohl im Eingangsbereich als auch \u00fcber den Eing\u00e4ngen zum Festsaal waren Spruchb\u00e4nder mit Appellen Adolf Hitlers an die Jugend angebracht.<\/p>\n\n\n\n<p>In der &#8222;Horst Wessel-Schule&#8220; stand neben der Vermittlung fachlicher Kenntnisse die Erziehung der Berufssch\u00fcler im Sinne des Nationalsozialismus im Mittelpunkt. Die gesamte Ausbildung unterlag starkem ideologischem Einfluss. Es erfolgte eine milit\u00e4rische Ausrichtung der gesamten Schulorganisation bis hinein in den Freizeitbereich. Milit\u00e4risch organisierte Morgenappelle wurden abgehalten, der Hitlergru\u00df konsequent durchgesetzt, j\u00fcdischen Sch\u00fclern die Schulaufnahme verweigert.<\/p>\n\n\n\n<p>In den Kriegsjahren von 1939 bis 1945 wurden aus den Reihen der Berufssch\u00fcler verst\u00e4rkt Kriegsfreiwillige geworben, die in einer vorzeitigen Pr\u00fcfung ihre Lehre abschlossen. Ein ehemaliger Sch\u00fcler beschreibt diese Rekrutierung von Kriegsfreiwilligen:<\/p>\n\n\n\n<blockquote class=\"wp-block-quote is-layout-flow wp-block-quote-is-layout-flow\"><p>\u201eDie gesamte Sch\u00fclerschaft musste hinaus auf den Schulhof und antreten. [\u2026] Dort mussten wir stehen und verharren, solange, bis sich die entsprechende Anzahl Kriegsfreiwilliger gemeldet hatte.\u201c<\/p><\/blockquote>\n\n\n\n<p>Am 13. Februar 1945 wurden gro\u00dfe Teile der Schule zerst\u00f6rt.<\/p>\n\n\n\n<h4 class=\"wp-block-heading\">Quellen und Literatur<\/h4>\n\n\n\n<p>Dresdner Hefte Nr. 97. Zwischen Reform und Restriktion. S\u00e4chsische Schulgeschichte im 20. Jahrhundert, Dresden 2009.<\/p>\n\n\n\n<p><a href=\"https:\/\/www.bommi2000.de\/geschichte\/20jh\/1934\/1934wessel.php\">https:\/\/www.bommi2000.de\/geschichte\/20jh\/1934\/1934wessel.php<\/a> (zuletzt gepr\u00fcft am 15.01.22).<\/p>\n\n\n\n<p><a href=\"https:\/\/www.gedenkplaetze.info\/taeter-innenspuren\/die-knabenberufsschule-horst-wessel\">https:\/\/www.gedenkplaetze.info\/taeter-innenspuren\/die-knabenberufsschule-horst-wessel<\/a> (zuletzt gepr\u00fcft am 15.01.22).<\/p>\n\n\n\n<p><a href=\"https:\/\/www.bsz-technik-zeuner.de\/allgemeines\/110-schulgeschichte#Der%20Weg%20zum%20Berufsschulneubau%20bis%201928\">https:\/\/www.bsz-technik-zeuner.de\/allgemeines\/110-schulgeschichte#Der%20Weg%20zum%20Berufsschulneubau%20bis%201928<\/a> (zuletzt gepr\u00fcft am 15.01.22).<\/p>\n\n\n\n<p><a href=\"https:\/\/saebi.isgv.de\/biografie\/Paul_Wolf_(1879-1957\">https:\/\/saebi.isgv.de\/biografie\/Paul_Wolf_(1879-1957<\/a>) (zuletzt gepr\u00fcft am 18.01.22).<\/p>\n\n\n\n<p><a href=\"http:\/\/aardb.blogsport.de\/images\/RadebergerLandunterdemHakenkreuz.pdf\">http:\/\/aardb.blogsport.de\/images\/RadebergerLandunterdemHakenkreuz.pdf<\/a> (zuletzt gepr\u00fcft am 18.01.22).<\/p>\n\n\n\n<p><a href=\"https:\/\/ulis-buecherecke.ch\/pdf_neben_dem_krieg\/schule_im_dritten_reich.pdf\">https:\/\/ulis-buecherecke.ch\/pdf_neben_dem_krieg\/schule_im_dritten_reich.pdf<\/a> (zuletzt gepr\u00fcft am 15.01.22).<\/p>\n","protected":false},"excerpt":{"rendered":"<p>Die 1. Knabenberufsschule-Altstadt &#8222;Horst Wessel&#8220; wurde am 17. September 1934 er\u00f6ffnet. Der Bau nach Pl\u00e4nen des Dresdner Stadtbaurates Paul Wolf wurde 1928 begonnen, auf Grund finanzieller Schwierigkeiten der Stadt Dresden mehrmals unterbrochen und schlie\u00dflich&#46;&#46;&#46;<\/p>\n","protected":false},"author":3,"featured_media":0,"parent":8343,"menu_order":5,"comment_status":"closed","ping_status":"closed","template":"","meta":{"_monsterinsights_skip_tracking":false,"_monsterinsights_sitenote_active":false,"_monsterinsights_sitenote_note":"","_monsterinsights_sitenote_category":0,"footnotes":""},"class_list":["post-8713","page","type-page","status-publish","hentry"],"yoast_head":"<!-- This site is optimized with the Yoast SEO plugin v27.2 - https:\/\/yoast.com\/product\/yoast-seo-wordpress\/ -->\n<title>Die Horst-Wessel-Schule - Dresden WiEdersetzen<\/title>\n<meta name=\"description\" content=\"Die 1. Knabenberufsschule-Altstadt wurde am 17. September 1934 unter dem Namen Horst-Wessel-Schule er\u00f6ffnet. Der Bau nach Pl\u00e4nen des \u2026\" \/>\n<meta name=\"robots\" content=\"index, follow, max-snippet:-1, max-image-preview:large, max-video-preview:-1\" \/>\n<link rel=\"canonical\" href=\"https:\/\/dresden-nazifrei.com\/kampa\/erinnerungskultur\/mahngang-taeterspuren-2022\/horst-wessel-schule\/\" \/>\n<meta property=\"og:locale\" content=\"de_DE\" \/>\n<meta property=\"og:type\" content=\"article\" \/>\n<meta property=\"og:title\" content=\"Die Horst-Wessel-Schule - Dresden WiEdersetzen\" \/>\n<meta property=\"og:description\" content=\"Die 1. Knabenberufsschule-Altstadt wurde am 17. September 1934 unter dem Namen Horst-Wessel-Schule er\u00f6ffnet. Der Bau nach Pl\u00e4nen des \u2026\" \/>\n<meta property=\"og:url\" content=\"https:\/\/dresden-nazifrei.com\/kampa\/erinnerungskultur\/mahngang-taeterspuren-2022\/horst-wessel-schule\/\" \/>\n<meta property=\"og:site_name\" content=\"Dresden WiEdersetzen\" \/>\n<meta property=\"article:publisher\" content=\"https:\/\/www.facebook.com\/dresden.stellt.sich.quer\/\" \/>\n<meta property=\"article:modified_time\" content=\"2022-04-12T08:26:45+00:00\" \/>\n<meta property=\"og:image\" content=\"https:\/\/dresden-nazifrei.com\/kampa\/wp-content\/uploads\/2021\/01\/Stadt-FB-Rot.png\" \/>\n\t<meta property=\"og:image:width\" content=\"1600\" \/>\n\t<meta property=\"og:image:height\" content=\"900\" \/>\n\t<meta property=\"og:image:type\" content=\"image\/png\" \/>\n<meta name=\"twitter:card\" content=\"summary_large_image\" \/>\n<meta name=\"twitter:site\" content=\"@dd_nazifrei\" \/>\n<meta name=\"twitter:label1\" content=\"Gesch\u00e4tzte Lesezeit\" \/>\n\t<meta name=\"twitter:data1\" content=\"4\u00a0Minuten\" \/>\n<script type=\"application\/ld+json\" class=\"yoast-schema-graph\">{\"@context\":\"https:\/\/schema.org\",\"@graph\":[{\"@type\":\"WebPage\",\"@id\":\"https:\/\/dresden-nazifrei.com\/kampa\/erinnerungskultur\/mahngang-taeterspuren-2022\/horst-wessel-schule\/\",\"url\":\"https:\/\/dresden-nazifrei.com\/kampa\/erinnerungskultur\/mahngang-taeterspuren-2022\/horst-wessel-schule\/\",\"name\":\"Die Horst-Wessel-Schule - Dresden WiEdersetzen\",\"isPartOf\":{\"@id\":\"https:\/\/dresden-nazifrei.com\/kampa\/#website\"},\"datePublished\":\"2022-04-12T08:25:52+00:00\",\"dateModified\":\"2022-04-12T08:26:45+00:00\",\"description\":\"Die 1. Knabenberufsschule-Altstadt wurde am 17. September 1934 unter dem Namen Horst-Wessel-Schule er\u00f6ffnet. Der Bau nach Pl\u00e4nen des \u2026\",\"breadcrumb\":{\"@id\":\"https:\/\/dresden-nazifrei.com\/kampa\/erinnerungskultur\/mahngang-taeterspuren-2022\/horst-wessel-schule\/#breadcrumb\"},\"inLanguage\":\"de\",\"potentialAction\":[{\"@type\":\"ReadAction\",\"target\":[\"https:\/\/dresden-nazifrei.com\/kampa\/erinnerungskultur\/mahngang-taeterspuren-2022\/horst-wessel-schule\/\"]}]},{\"@type\":\"BreadcrumbList\",\"@id\":\"https:\/\/dresden-nazifrei.com\/kampa\/erinnerungskultur\/mahngang-taeterspuren-2022\/horst-wessel-schule\/#breadcrumb\",\"itemListElement\":[{\"@type\":\"ListItem\",\"position\":1,\"name\":\"Startseite\",\"item\":\"https:\/\/dresden-nazifrei.com\/kampa\/\"},{\"@type\":\"ListItem\",\"position\":2,\"name\":\"Erinnerungskultur\",\"item\":\"https:\/\/dresden-nazifrei.com\/kampa\/erinnerungskultur\/\"},{\"@type\":\"ListItem\",\"position\":3,\"name\":\"Mahngang T\u00e4ter*innenspuren 2022\",\"item\":\"https:\/\/dresden-nazifrei.com\/kampa\/erinnerungskultur\/mahngang-taeterspuren-2022\/\"},{\"@type\":\"ListItem\",\"position\":4,\"name\":\"Die Horst-Wessel-Schule\"}]},{\"@type\":\"WebSite\",\"@id\":\"https:\/\/dresden-nazifrei.com\/kampa\/#website\",\"url\":\"https:\/\/dresden-nazifrei.com\/kampa\/\",\"name\":\"Dresden WiEdersetzen\",\"description\":\"Dresden stellt sich quer\",\"publisher\":{\"@id\":\"https:\/\/dresden-nazifrei.com\/kampa\/#organization\"},\"potentialAction\":[{\"@type\":\"SearchAction\",\"target\":{\"@type\":\"EntryPoint\",\"urlTemplate\":\"https:\/\/dresden-nazifrei.com\/kampa\/?s={search_term_string}\"},\"query-input\":{\"@type\":\"PropertyValueSpecification\",\"valueRequired\":true,\"valueName\":\"search_term_string\"}}],\"inLanguage\":\"de\"},{\"@type\":\"Organization\",\"@id\":\"https:\/\/dresden-nazifrei.com\/kampa\/#organization\",\"name\":\"Dresden Nazifrei\",\"url\":\"https:\/\/dresden-nazifrei.com\/kampa\/\",\"logo\":{\"@type\":\"ImageObject\",\"inLanguage\":\"de\",\"@id\":\"https:\/\/dresden-nazifrei.com\/kampa\/#\/schema\/logo\/image\/\",\"url\":\"https:\/\/dresden-nazifrei.com\/kampa\/wp-content\/uploads\/2021\/03\/Logo-Schwarz-Rot.png\",\"contentUrl\":\"https:\/\/dresden-nazifrei.com\/kampa\/wp-content\/uploads\/2021\/03\/Logo-Schwarz-Rot.png\",\"width\":500,\"height\":500,\"caption\":\"Dresden Nazifrei\"},\"image\":{\"@id\":\"https:\/\/dresden-nazifrei.com\/kampa\/#\/schema\/logo\/image\/\"},\"sameAs\":[\"https:\/\/www.facebook.com\/dresden.stellt.sich.quer\/\",\"https:\/\/x.com\/dd_nazifrei\",\"https:\/\/www.instagram.com\/dd_nazifrei\/\",\"https:\/\/www.youtube.com\/channel\/UC2w1_etudyqY1XziVPgba8Q\"]}]}<\/script>\n<!-- \/ Yoast SEO plugin. -->","yoast_head_json":{"title":"Die Horst-Wessel-Schule - Dresden WiEdersetzen","description":"Die 1. Knabenberufsschule-Altstadt wurde am 17. September 1934 unter dem Namen Horst-Wessel-Schule er\u00f6ffnet. Der Bau nach Pl\u00e4nen des \u2026","robots":{"index":"index","follow":"follow","max-snippet":"max-snippet:-1","max-image-preview":"max-image-preview:large","max-video-preview":"max-video-preview:-1"},"canonical":"https:\/\/dresden-nazifrei.com\/kampa\/erinnerungskultur\/mahngang-taeterspuren-2022\/horst-wessel-schule\/","og_locale":"de_DE","og_type":"article","og_title":"Die Horst-Wessel-Schule - Dresden WiEdersetzen","og_description":"Die 1. Knabenberufsschule-Altstadt wurde am 17. September 1934 unter dem Namen Horst-Wessel-Schule er\u00f6ffnet. Der Bau nach Pl\u00e4nen des \u2026","og_url":"https:\/\/dresden-nazifrei.com\/kampa\/erinnerungskultur\/mahngang-taeterspuren-2022\/horst-wessel-schule\/","og_site_name":"Dresden WiEdersetzen","article_publisher":"https:\/\/www.facebook.com\/dresden.stellt.sich.quer\/","article_modified_time":"2022-04-12T08:26:45+00:00","og_image":[{"width":1600,"height":900,"url":"https:\/\/dresden-nazifrei.com\/kampa\/wp-content\/uploads\/2021\/01\/Stadt-FB-Rot.png","type":"image\/png"}],"twitter_card":"summary_large_image","twitter_site":"@dd_nazifrei","twitter_misc":{"Gesch\u00e4tzte Lesezeit":"4\u00a0Minuten"},"schema":{"@context":"https:\/\/schema.org","@graph":[{"@type":"WebPage","@id":"https:\/\/dresden-nazifrei.com\/kampa\/erinnerungskultur\/mahngang-taeterspuren-2022\/horst-wessel-schule\/","url":"https:\/\/dresden-nazifrei.com\/kampa\/erinnerungskultur\/mahngang-taeterspuren-2022\/horst-wessel-schule\/","name":"Die Horst-Wessel-Schule - Dresden WiEdersetzen","isPartOf":{"@id":"https:\/\/dresden-nazifrei.com\/kampa\/#website"},"datePublished":"2022-04-12T08:25:52+00:00","dateModified":"2022-04-12T08:26:45+00:00","description":"Die 1. Knabenberufsschule-Altstadt wurde am 17. September 1934 unter dem Namen Horst-Wessel-Schule er\u00f6ffnet. Der Bau nach Pl\u00e4nen des \u2026","breadcrumb":{"@id":"https:\/\/dresden-nazifrei.com\/kampa\/erinnerungskultur\/mahngang-taeterspuren-2022\/horst-wessel-schule\/#breadcrumb"},"inLanguage":"de","potentialAction":[{"@type":"ReadAction","target":["https:\/\/dresden-nazifrei.com\/kampa\/erinnerungskultur\/mahngang-taeterspuren-2022\/horst-wessel-schule\/"]}]},{"@type":"BreadcrumbList","@id":"https:\/\/dresden-nazifrei.com\/kampa\/erinnerungskultur\/mahngang-taeterspuren-2022\/horst-wessel-schule\/#breadcrumb","itemListElement":[{"@type":"ListItem","position":1,"name":"Startseite","item":"https:\/\/dresden-nazifrei.com\/kampa\/"},{"@type":"ListItem","position":2,"name":"Erinnerungskultur","item":"https:\/\/dresden-nazifrei.com\/kampa\/erinnerungskultur\/"},{"@type":"ListItem","position":3,"name":"Mahngang T\u00e4ter*innenspuren 2022","item":"https:\/\/dresden-nazifrei.com\/kampa\/erinnerungskultur\/mahngang-taeterspuren-2022\/"},{"@type":"ListItem","position":4,"name":"Die Horst-Wessel-Schule"}]},{"@type":"WebSite","@id":"https:\/\/dresden-nazifrei.com\/kampa\/#website","url":"https:\/\/dresden-nazifrei.com\/kampa\/","name":"Dresden WiEdersetzen","description":"Dresden stellt sich quer","publisher":{"@id":"https:\/\/dresden-nazifrei.com\/kampa\/#organization"},"potentialAction":[{"@type":"SearchAction","target":{"@type":"EntryPoint","urlTemplate":"https:\/\/dresden-nazifrei.com\/kampa\/?s={search_term_string}"},"query-input":{"@type":"PropertyValueSpecification","valueRequired":true,"valueName":"search_term_string"}}],"inLanguage":"de"},{"@type":"Organization","@id":"https:\/\/dresden-nazifrei.com\/kampa\/#organization","name":"Dresden Nazifrei","url":"https:\/\/dresden-nazifrei.com\/kampa\/","logo":{"@type":"ImageObject","inLanguage":"de","@id":"https:\/\/dresden-nazifrei.com\/kampa\/#\/schema\/logo\/image\/","url":"https:\/\/dresden-nazifrei.com\/kampa\/wp-content\/uploads\/2021\/03\/Logo-Schwarz-Rot.png","contentUrl":"https:\/\/dresden-nazifrei.com\/kampa\/wp-content\/uploads\/2021\/03\/Logo-Schwarz-Rot.png","width":500,"height":500,"caption":"Dresden Nazifrei"},"image":{"@id":"https:\/\/dresden-nazifrei.com\/kampa\/#\/schema\/logo\/image\/"},"sameAs":["https:\/\/www.facebook.com\/dresden.stellt.sich.quer\/","https:\/\/x.com\/dd_nazifrei","https:\/\/www.instagram.com\/dd_nazifrei\/","https:\/\/www.youtube.com\/channel\/UC2w1_etudyqY1XziVPgba8Q"]}]}},"_links":{"self":[{"href":"https:\/\/dresden-nazifrei.com\/kampa\/wp-json\/wp\/v2\/pages\/8713","targetHints":{"allow":["GET"]}}],"collection":[{"href":"https:\/\/dresden-nazifrei.com\/kampa\/wp-json\/wp\/v2\/pages"}],"about":[{"href":"https:\/\/dresden-nazifrei.com\/kampa\/wp-json\/wp\/v2\/types\/page"}],"author":[{"embeddable":true,"href":"https:\/\/dresden-nazifrei.com\/kampa\/wp-json\/wp\/v2\/users\/3"}],"replies":[{"embeddable":true,"href":"https:\/\/dresden-nazifrei.com\/kampa\/wp-json\/wp\/v2\/comments?post=8713"}],"version-history":[{"count":2,"href":"https:\/\/dresden-nazifrei.com\/kampa\/wp-json\/wp\/v2\/pages\/8713\/revisions"}],"predecessor-version":[{"id":8715,"href":"https:\/\/dresden-nazifrei.com\/kampa\/wp-json\/wp\/v2\/pages\/8713\/revisions\/8715"}],"up":[{"embeddable":true,"href":"https:\/\/dresden-nazifrei.com\/kampa\/wp-json\/wp\/v2\/pages\/8343"}],"wp:attachment":[{"href":"https:\/\/dresden-nazifrei.com\/kampa\/wp-json\/wp\/v2\/media?parent=8713"}],"curies":[{"name":"wp","href":"https:\/\/api.w.org\/{rel}","templated":true}]}}